Last updated on 2024-05-04 03:50:27 CEST.
Flavor | Version | Tinstall | Tcheck | Ttotal | Status | Flags |
---|---|---|---|---|---|---|
r-devel-linux-x86_64-debian-clang | 1.18 | 24.04 | 354.66 | 378.70 | NOTE | |
r-devel-linux-x86_64-fedora-clang | 1.18 | 465.49 | NOTE | |||
r-devel-linux-x86_64-fedora-gcc | 1.18 | 470.24 | NOTE | |||
r-devel-windows-x86_64 | 1.18 | 26.00 | 259.00 | 285.00 | NOTE | |
r-patched-linux-x86_64 | 1.18 | 18.52 | 322.50 | 341.02 | NOTE | |
r-release-linux-x86_64 | 1.18 | 18.63 | 327.69 | 346.32 | NOTE | |
r-release-macos-arm64 | 1.18 | 105.00 | NOTE | |||
r-release-windows-x86_64 | 1.18 | 27.00 | 259.00 | 286.00 | NOTE | |
r-oldrel-macos-arm64 | 1.18 | 95.00 | OK | |||
r-oldrel-macos-x86_64 | 1.18 | 242.00 | OK | |||
r-oldrel-windows-x86_64 | 1.18 | 36.00 | 355.00 | 391.00 | OK |
Version: 1.18
Check: Rd files
Result: NOTE
checkRd: (-1) svr.df.Rd:13: Lost braces
13 | \item{z}{the vector of zi = min{Xi, Yi}}
| ^
Flavors: r-devel-linux-x86_64-debian-clang, r-devel-linux-x86_64-fedora-clang, r-devel-linux-x86_64-fedora-gcc, r-devel-windows-x86_64, r-patched-linux-x86_64, r-release-linux-x86_64, r-release-macos-arm64, r-release-windows-x86_64
These binaries (installable software) and packages are in development.
They may not be fully stable and should be used with caution. We make no claims about them.