Last updated on 2024-05-04 03:50:26 CEST.
Flavor | Version | Tinstall | Tcheck | Ttotal | Status | Flags |
---|---|---|---|---|---|---|
r-devel-linux-x86_64-debian-clang | 1.0.5 | 43.04 | 357.74 | 400.78 | NOTE | |
r-devel-linux-x86_64-fedora-clang | 1.0.5 | 475.56 | NOTE | |||
r-devel-linux-x86_64-fedora-gcc | 1.0.5 | 457.40 | NOTE | |||
r-devel-windows-x86_64 | 1.0.5 | 31.00 | 251.00 | 282.00 | NOTE | |
r-patched-linux-x86_64 | 1.0.5 | 37.12 | 321.31 | 358.43 | NOTE | |
r-release-linux-x86_64 | 1.0.5 | 34.03 | 327.89 | 361.92 | NOTE | |
r-release-macos-arm64 | 1.0.5 | 98.00 | NOTE | |||
r-release-windows-x86_64 | 1.0.5 | 31.00 | 243.00 | 274.00 | NOTE | |
r-oldrel-macos-arm64 | 1.0.5 | 110.00 | NOTE | |||
r-oldrel-macos-x86_64 | 1.0.5 | 212.00 | NOTE | |||
r-oldrel-windows-x86_64 | 1.0.5 | 42.00 | 329.00 | 371.00 | NOTE |
Version: 1.0.5
Check: package dependencies
Result: NOTE
Package suggested but not available for checking: ‘fastshp’
Flavors: r-devel-linux-x86_64-debian-clang, r-devel-linux-x86_64-fedora-clang, r-devel-linux-x86_64-fedora-gcc, r-devel-windows-x86_64, r-patched-linux-x86_64, r-release-linux-x86_64, r-release-macos-arm64, r-release-windows-x86_64, r-oldrel-macos-arm64, r-oldrel-macos-x86_64, r-oldrel-windows-x86_64
These binaries (installable software) and packages are in development.
They may not be fully stable and should be used with caution. We make no claims about them.