Last updated on 2025-10-23 11:50:21 CEST.
Flavor | Version | Tinstall | Tcheck | Ttotal | Status | Flags |
---|---|---|---|---|---|---|
r-devel-linux-x86_64-debian-clang | 1.0.8 | 7.89 | 61.26 | 69.15 | NOTE | |
r-devel-linux-x86_64-debian-gcc | 1.0.8 | 6.49 | 45.49 | 51.98 | NOTE | |
r-devel-linux-x86_64-fedora-clang | 1.0.8 | 19.00 | 86.61 | 105.61 | OK | |
r-devel-linux-x86_64-fedora-gcc | 1.0.8 | 15.00 | 84.00 | 99.00 | OK | |
r-devel-windows-x86_64 | 1.0.8 | 11.00 | 72.00 | 83.00 | OK | |
r-patched-linux-x86_64 | 1.0.8 | 8.10 | 58.03 | 66.13 | OK | |
r-release-linux-x86_64 | 1.0.8 | 7.44 | 57.95 | 65.39 | OK | |
r-release-macos-arm64 | 1.0.8 | 6.00 | 31.00 | 37.00 | OK | |
r-release-macos-x86_64 | 1.0.8 | 11.00 | 58.00 | 69.00 | OK | |
r-release-windows-x86_64 | 1.0.8 | 11.00 | 74.00 | 85.00 | OK | |
r-oldrel-macos-arm64 | 1.0.8 | 5.00 | 28.00 | 33.00 | OK | |
r-oldrel-macos-x86_64 | 1.0.8 | 7.00 | 40.00 | 47.00 | OK | |
r-oldrel-windows-x86_64 | 1.0.8 | 15.00 | 90.00 | 105.00 | OK |
Version: 1.0.8
Check: CRAN incoming feasibility
Result: NOTE
Maintainer: ‘Cecile Proust-Lima <cecile.proust-lima@inserm.fr>’
No Authors@R field in DESCRIPTION.
Please add one, modifying
Authors@R: c(person(given = "Cecile",
family = "Proust-Lima",
role = c("aut", "cre"),
email = "cecile.proust-lima@inserm.fr"),
person(given = "Viviane",
family = "Philipps",
role = "aut"))
as necessary.
Flavors: r-devel-linux-x86_64-debian-clang, r-devel-linux-x86_64-debian-gcc
These binaries (installable software) and packages are in development.
They may not be fully stable and should be used with caution. We make no claims about them.