Last updated on 2024-05-04 03:50:27 CEST.
Flavor | Version | Tinstall | Tcheck | Ttotal | Status | Flags |
---|---|---|---|---|---|---|
r-devel-linux-x86_64-debian-clang | 1.2.2 | 95.38 | 578.15 | 673.53 | OK | |
r-devel-linux-x86_64-fedora-clang | 1.2.2 | 828.03 | OK | |||
r-devel-linux-x86_64-fedora-gcc | 1.2.2 | 856.64 | OK | |||
r-devel-windows-x86_64 | 1.2.2 | 81.00 | 362.00 | 443.00 | OK | |
r-patched-linux-x86_64 | 1.2.2 | 71.65 | 521.81 | 593.46 | OK | |
r-release-linux-x86_64 | 1.2.2 | 81.94 | 519.09 | 601.03 | OK | |
r-release-macos-arm64 | 1.2.2 | 154.00 | NOTE | |||
r-release-macos-x86_64 | 1.2.2 | 303.00 | NOTE | |||
r-release-windows-x86_64 | 1.2.2 | 82.00 | 359.00 | 441.00 | OK | |
r-oldrel-macos-arm64 | 1.2.2 | 189.00 | NOTE | |||
r-oldrel-macos-x86_64 | 1.2.2 | 297.00 | NOTE | |||
r-oldrel-windows-x86_64 | 1.2.2 | 106.00 | 487.00 | 593.00 | NOTE |
Version: 1.2.2
Check: installed package size
Result: NOTE
installed size is 5.9Mb
sub-directories of 1Mb or more:
data 2.6Mb
libs 1.9Mb
Flavors: r-release-macos-arm64, r-release-macos-x86_64, r-oldrel-macos-arm64, r-oldrel-macos-x86_64, r-oldrel-windows-x86_64
These binaries (installable software) and packages are in development.
They may not be fully stable and should be used with caution. We make no claims about them.