Last updated on 2024-05-04 03:50:27 CEST.
Flavor | Version | Tinstall | Tcheck | Ttotal | Status | Flags |
---|---|---|---|---|---|---|
r-devel-linux-x86_64-debian-clang | 1.0.0 | 6.98 | 74.38 | 81.36 | NOTE | |
r-devel-linux-x86_64-fedora-clang | 1.0.0 | 96.03 | NOTE | |||
r-devel-linux-x86_64-fedora-gcc | 1.0.0 | 99.17 | NOTE | |||
r-devel-windows-x86_64 | 1.0.0 | 7.00 | 79.00 | 86.00 | NOTE | |
r-patched-linux-x86_64 | 1.0.0 | 13.18 | 69.73 | 82.91 | NOTE | |
r-release-linux-x86_64 | 1.0.0 | 3.64 | 70.64 | 74.28 | NOTE | |
r-release-macos-arm64 | 1.0.0 | 32.00 | NOTE | |||
r-release-windows-x86_64 | 1.0.0 | 7.00 | 80.00 | 87.00 | NOTE | |
r-oldrel-macos-arm64 | 1.0.0 | 36.00 | OK | |||
r-oldrel-macos-x86_64 | 1.0.0 | 48.00 | OK | |||
r-oldrel-windows-x86_64 | 1.0.0 | 9.00 | 87.00 | 96.00 | OK |
Version: 1.0.0
Check: Rd files
Result: NOTE
checkRd: (-1) RLum.OSL_decomposition.Rd:90-91: Lost braces
90 | \item \link{optimise_OSLintervals}: {Approximates the optimal integration intervals. Uses the global
| ^
checkRd: (-1) RLum.OSL_decomposition.Rd:92-94: Lost braces
92 | \item \link{decompose_OSLcurve}: {Calculates component intensities for \strong{all} \code{record_type} measurements.
| ^
checkRd: (-1) fit_OSLcurve.Rd:97: Lost braces; missing escapes or markup?
97 | fitting with the \emph{RSS_{K-1}} value of the previous fitting and calculates
| ^
Flavors: r-devel-linux-x86_64-debian-clang, r-devel-linux-x86_64-fedora-clang, r-devel-linux-x86_64-fedora-gcc, r-devel-windows-x86_64, r-patched-linux-x86_64, r-release-linux-x86_64, r-release-macos-arm64, r-release-windows-x86_64
Version: 1.0.0
Check: Rd cross-references
Result: NOTE
Undeclared package ‘knitr’ in Rd xrefs
Flavor: r-devel-linux-x86_64-fedora-clang
These binaries (installable software) and packages are in development.
They may not be fully stable and should be used with caution. We make no claims about them.