Last updated on 2024-05-04 03:50:27 CEST.
Flavor | Version | Tinstall | Tcheck | Ttotal | Status | Flags |
---|---|---|---|---|---|---|
r-devel-linux-x86_64-debian-clang | 0.1 | 5.22 | 52.79 | 58.01 | OK | |
r-devel-linux-x86_64-fedora-clang | 0.1 | 72.58 | NOTE | |||
r-devel-linux-x86_64-fedora-gcc | 0.1 | 73.89 | NOTE | |||
r-devel-windows-x86_64 | 0.1 | 7.00 | 63.00 | 70.00 | OK | |
r-patched-linux-x86_64 | 0.1 | 6.54 | 50.42 | 56.96 | OK | |
r-release-linux-x86_64 | 0.1 | 5.76 | 50.50 | 56.26 | OK | |
r-release-macos-arm64 | 0.1 | 25.00 | OK | |||
r-release-macos-x86_64 | 0.1 | 68.00 | OK | |||
r-release-windows-x86_64 | 0.1 | 6.00 | 62.00 | 68.00 | OK | |
r-oldrel-macos-arm64 | 0.1 | 44.00 | OK | |||
r-oldrel-macos-x86_64 | 0.1 | 50.00 | OK | |||
r-oldrel-windows-x86_64 | 0.1 | 7.00 | 70.00 | 77.00 | OK |
Version: 0.1
Check: data for non-ASCII characters
Result: NOTE
Note: found 5766 marked UTF-8 strings
Flavors: r-devel-linux-x86_64-fedora-clang, r-devel-linux-x86_64-fedora-gcc
These binaries (installable software) and packages are in development.
They may not be fully stable and should be used with caution. We make no claims about them.