Last updated on 2024-05-04 03:50:27 CEST.
Flavor | Version | Tinstall | Tcheck | Ttotal | Status | Flags |
---|---|---|---|---|---|---|
r-devel-linux-x86_64-debian-clang | 1.0.1 | 7.54 | 69.64 | 77.18 | NOTE | |
r-devel-linux-x86_64-fedora-clang | 1.0.1 | 99.07 | NOTE | |||
r-devel-linux-x86_64-fedora-gcc | 1.0.1 | 111.25 | NOTE | |||
r-devel-windows-x86_64 | 1.0.1 | 7.00 | 80.00 | 87.00 | NOTE | |
r-patched-linux-x86_64 | 1.0.1 | 4.93 | 66.24 | 71.17 | NOTE | |
r-release-linux-x86_64 | 1.0.1 | 4.90 | 68.19 | 73.09 | NOTE | |
r-release-macos-arm64 | 1.0.1 | 37.00 | NOTE | |||
r-release-windows-x86_64 | 1.0.1 | 7.00 | 79.00 | 86.00 | NOTE | |
r-oldrel-macos-arm64 | 1.0.1 | 48.00 | OK | |||
r-oldrel-macos-x86_64 | 1.0.1 | 68.00 | OK | |||
r-oldrel-windows-x86_64 | 1.0.1 | 9.00 | 89.00 | 98.00 | OK |
Version: 1.0.1
Check: Rd files
Result: NOTE
checkRd: (-1) calc_n_from_c.Rd:5: Lost braces; missing escapes or markup?
5 | \title{Helper function to calculate other n's given n_{1,T} and allocation ratios}
| ^
checkRd: (-1) calc_n_from_c.Rd:15: Lost braces; missing escapes or markup?
15 | Helper function to calculate other n's given n_{1,T} and allocation ratios
| ^
Flavors: r-devel-linux-x86_64-debian-clang, r-devel-linux-x86_64-fedora-clang, r-devel-linux-x86_64-fedora-gcc, r-devel-windows-x86_64, r-patched-linux-x86_64, r-release-linux-x86_64, r-release-macos-arm64, r-release-windows-x86_64
These binaries (installable software) and packages are in development.
They may not be fully stable and should be used with caution. We make no claims about them.