Last updated on 2025-11-17 15:50:11 CET.
| Flavor | Version | Tinstall | Tcheck | Ttotal | Status | Flags |
|---|---|---|---|---|---|---|
| r-devel-linux-x86_64-debian-clang | 1.0.0 | 2.45 | 28.60 | 31.05 | NOTE | |
| r-devel-linux-x86_64-debian-gcc | 1.0.0 | 1.77 | 22.73 | 24.50 | NOTE | |
| r-devel-linux-x86_64-fedora-clang | 1.0.0 | 46.98 | OK | |||
| r-devel-linux-x86_64-fedora-gcc | 1.0.0 | 58.86 | OK | |||
| r-devel-windows-x86_64 | 1.0.0 | 5.00 | 46.00 | 51.00 | OK | |
| r-patched-linux-x86_64 | 1.0.0 | 2.59 | 26.56 | 29.15 | OK | |
| r-release-linux-x86_64 | 1.0.0 | 2.22 | 26.74 | 28.96 | OK | |
| r-release-macos-arm64 | 1.0.0 | 1.00 | 23.00 | 24.00 | OK | |
| r-release-macos-x86_64 | 1.0.0 | 2.00 | 40.00 | 42.00 | OK | |
| r-release-windows-x86_64 | 1.0.0 | 3.00 | 47.00 | 50.00 | OK | |
| r-oldrel-macos-arm64 | 1.0.0 | 2.00 | 49.00 | 51.00 | OK | |
| r-oldrel-macos-x86_64 | 1.0.0 | 3.00 | 62.00 | 65.00 | OK | |
| r-oldrel-windows-x86_64 | 1.0.0 | 3.00 | 55.00 | 58.00 | OK |
Version: 1.0.0
Check: CRAN incoming feasibility
Result: NOTE
Maintainer: ‘Andres Missiego Manjon <andres.missiego@edu.uah.es>’
No Authors@R field in DESCRIPTION.
Please add one, modifying
Authors@R: c(person(given = c("Andres", "Missiego"),
family = "Manjon",
role = c("aut", "cre"),
email = "andres.missiego@edu.uah.es"),
person(given = c("Juan", "Jose", "Cuadrado"),
family = "Gallego",
role = "aut"))
as necessary.
Flavors: r-devel-linux-x86_64-debian-clang, r-devel-linux-x86_64-debian-gcc
These binaries (installable software) and packages are in development.
They may not be fully stable and should be used with caution. We make no claims about them.