Last updated on 2024-05-04 03:50:28 CEST.
Flavor | Version | Tinstall | Tcheck | Ttotal | Status | Flags |
---|---|---|---|---|---|---|
r-devel-linux-x86_64-debian-clang | 2.73.4 | 22.78 | 102.39 | 125.17 | OK | |
r-devel-linux-x86_64-fedora-clang | 2.73.4 | 161.44 | NOTE | |||
r-devel-linux-x86_64-fedora-gcc | 2.73.4 | 171.90 | OK | |||
r-devel-windows-x86_64 | 2.73.4 | 25.00 | 128.00 | 153.00 | NOTE | |
r-patched-linux-x86_64 | 2.73.4 | 28.01 | 98.74 | 126.75 | OK | |
r-release-linux-x86_64 | 2.73.4 | 24.67 | 97.88 | 122.55 | OK | |
r-release-macos-arm64 | 2.73.4 | 47.00 | NOTE | |||
r-release-windows-x86_64 | 2.73.4 | 25.00 | 125.00 | 150.00 | NOTE | |
r-oldrel-macos-arm64 | 2.73.4 | 54.00 | NOTE | |||
r-oldrel-macos-x86_64 | 2.73.4 | 182.00 | NOTE | |||
r-oldrel-windows-x86_64 | 2.73.4 | 33.00 | 148.00 | 181.00 | NOTE |
Version: 2.73.4
Check: installed package size
Result: NOTE
installed size is 5.6Mb
sub-directories of 1Mb or more:
data 2.7Mb
doc 1.1Mb
Flavors: r-devel-linux-x86_64-fedora-clang, r-devel-windows-x86_64, r-release-macos-arm64, r-release-windows-x86_64, r-oldrel-macos-arm64, r-oldrel-macos-x86_64, r-oldrel-windows-x86_64
These binaries (installable software) and packages are in development.
They may not be fully stable and should be used with caution. We make no claims about them.