Last updated on 2024-05-04 03:50:28 CEST.
Flavor | Version | Tinstall | Tcheck | Ttotal | Status | Flags |
---|---|---|---|---|---|---|
r-devel-linux-x86_64-debian-clang | 1.1.2 | 11.54 | 96.28 | 107.82 | OK | |
r-devel-linux-x86_64-fedora-clang | 1.1.2 | 134.89 | NOTE | |||
r-devel-linux-x86_64-fedora-gcc | 1.1.2 | 159.86 | OK | |||
r-devel-windows-x86_64 | 1.1.2 | 11.00 | 88.00 | 99.00 | OK | |
r-patched-linux-x86_64 | 1.1.2 | 12.99 | 93.17 | 106.16 | OK | |
r-release-linux-x86_64 | 1.1.2 | 12.11 | 91.22 | 103.33 | OK | |
r-release-macos-arm64 | 1.1.2 | 48.00 | NOTE | |||
r-release-macos-x86_64 | 1.1.2 | 122.00 | NOTE | |||
r-release-windows-x86_64 | 1.1.2 | 11.00 | 85.00 | 96.00 | OK | |
r-oldrel-macos-arm64 | 1.1.2 | 71.00 | NOTE | |||
r-oldrel-macos-x86_64 | 1.1.2 | 101.00 | NOTE | |||
r-oldrel-windows-x86_64 | 1.1.2 | 14.00 | 103.00 | 117.00 | OK |
Version: 1.1.2
Check: installed package size
Result: NOTE
installed size is 5.0Mb
sub-directories of 1Mb or more:
doc 4.9Mb
Flavors: r-devel-linux-x86_64-fedora-clang, r-release-macos-arm64, r-release-macos-x86_64, r-oldrel-macos-arm64, r-oldrel-macos-x86_64
These binaries (installable software) and packages are in development.
They may not be fully stable and should be used with caution. We make no claims about them.