Last updated on 2024-05-04 03:50:28 CEST.
Flavor | Version | Tinstall | Tcheck | Ttotal | Status | Flags |
---|---|---|---|---|---|---|
r-devel-linux-x86_64-debian-clang | 0.1.0 | 9.36 | 149.47 | 158.83 | OK | |
r-devel-linux-x86_64-fedora-clang | 0.1.0 | 195.13 | NOTE | |||
r-devel-linux-x86_64-fedora-gcc | 0.1.0 | 195.15 | NOTE | |||
r-devel-windows-x86_64 | 0.1.0 | 10.00 | 113.00 | 123.00 | OK | |
r-patched-linux-x86_64 | 0.1.0 | 8.74 | 137.15 | 145.89 | OK | |
r-release-linux-x86_64 | 0.1.0 | 9.22 | 137.77 | 146.99 | OK | |
r-release-macos-arm64 | 0.1.0 | 56.00 | OK | |||
r-release-windows-x86_64 | 0.1.0 | 10.00 | 113.00 | 123.00 | OK | |
r-oldrel-macos-arm64 | 0.1.0 | 63.00 | OK | |||
r-oldrel-macos-x86_64 | 0.1.0 | 106.00 | OK | |||
r-oldrel-windows-x86_64 | 0.1.0 | 13.00 | 143.00 | 156.00 | OK |
Version: 0.1.0
Check: dependencies in R code
Result: NOTE
Namespace in Imports field not imported from: ‘glmnet’
All declared Imports should be used.
Flavors: r-devel-linux-x86_64-fedora-clang, r-devel-linux-x86_64-fedora-gcc
These binaries (installable software) and packages are in development.
They may not be fully stable and should be used with caution. We make no claims about them.