Last updated on 2024-07-03 21:51:44 CEST.
Flavor | Version | Tinstall | Tcheck | Ttotal | Status | Flags |
---|---|---|---|---|---|---|
r-devel-linux-x86_64-debian-clang | 1.0.2 | 12.02 | 106.13 | 118.15 | OK | |
r-devel-linux-x86_64-debian-gcc | 1.0.2 | 10.13 | 77.31 | 87.44 | OK | |
r-devel-linux-x86_64-fedora-clang | 1.0.2 | 156.16 | OK | |||
r-devel-linux-x86_64-fedora-gcc | 1.0.2 | 139.36 | OK | |||
r-release-linux-x86_64 | 1.0.2 | 11.19 | 96.79 | 107.98 | OK | |
r-release-macos-arm64 | 1.0.2 | 39.00 | OK | |||
r-release-macos-x86_64 | 1.0.2 | 8.00 | ERROR | |||
r-release-windows-x86_64 | 1.0.2 | 12.00 | 95.00 | 107.00 | OK | |
r-oldrel-macos-arm64 | 1.0.2 | 48.00 | OK | |||
r-oldrel-macos-x86_64 | 1.0.2 | 79.00 | OK | |||
r-oldrel-windows-x86_64 | 1.0.2 | 16.00 | 115.00 | 131.00 | OK |
Version: 1.0.2
Check: package dependencies
Result: ERROR
Package required but not available: ‘frailtypack’
See section ‘The DESCRIPTION file’ in the ‘Writing R Extensions’
manual.
Flavor: r-release-macos-x86_64
These binaries (installable software) and packages are in development.
They may not be fully stable and should be used with caution. We make no claims about them.