Last updated on 2024-05-04 03:50:28 CEST.
Flavor | Version | Tinstall | Tcheck | Ttotal | Status | Flags |
---|---|---|---|---|---|---|
r-devel-linux-x86_64-debian-clang | 2.1.1 | 216.30 | 152.35 | 368.65 | OK | |
r-devel-linux-x86_64-fedora-clang | 2.1.1 | 522.32 | NOTE | |||
r-devel-linux-x86_64-fedora-gcc | 2.1.1 | 476.93 | NOTE | |||
r-devel-windows-x86_64 | 2.1.1 | 155.00 | 167.00 | 322.00 | OK | |
r-patched-linux-x86_64 | 2.1.1 | 174.62 | 145.61 | 320.23 | OK | |
r-release-linux-x86_64 | 2.1.1 | 181.51 | 142.60 | 324.11 | OK | |
r-release-macos-arm64 | 2.1.1 | 95.00 | OK | |||
r-release-macos-x86_64 | 2.1.1 | 146.00 | OK | |||
r-release-windows-x86_64 | 2.1.1 | 153.00 | 160.00 | 313.00 | OK | |
r-oldrel-macos-arm64 | 2.1.1 | 116.00 | OK | |||
r-oldrel-macos-x86_64 | 2.1.1 | 199.00 | OK | |||
r-oldrel-windows-x86_64 | 2.1.1 | 198.00 | 200.00 | 398.00 | OK |
Version: 2.1.1
Check: dependencies in R code
Result: NOTE
Namespaces in Imports field not imported from:
‘PlackettLuce’ ‘StatRank’ ‘pmr’ ‘prefmod’ ‘rankdist’
All declared Imports should be used.
Flavors: r-devel-linux-x86_64-fedora-clang, r-devel-linux-x86_64-fedora-gcc
These binaries (installable software) and packages are in development.
They may not be fully stable and should be used with caution. We make no claims about them.