Last updated on 2024-05-04 03:50:27 CEST.
Flavor | Version | Tinstall | Tcheck | Ttotal | Status | Flags |
---|---|---|---|---|---|---|
r-devel-linux-x86_64-debian-clang | 2.0.1 | 69.15 | 581.14 | 650.29 | NOTE | |
r-devel-linux-x86_64-fedora-clang | 2.0.1 | 845.21 | NOTE | |||
r-devel-linux-x86_64-fedora-gcc | 2.0.1 | 834.97 | NOTE | |||
r-devel-windows-x86_64 | 2.0.1 | 57.00 | 455.00 | 512.00 | NOTE | |
r-patched-linux-x86_64 | 2.0.1 | 73.69 | 569.11 | 642.80 | NOTE | |
r-release-linux-x86_64 | 2.0.1 | 72.03 | 580.77 | 652.80 | NOTE | |
r-release-macos-arm64 | 2.0.1 | 183.00 | NOTE | |||
r-release-windows-x86_64 | 2.0.1 | 56.00 | 455.00 | 511.00 | NOTE | |
r-oldrel-macos-arm64 | 2.0.1 | 220.00 | NOTE | |||
r-oldrel-macos-x86_64 | 2.0.1 | 400.00 | NOTE | |||
r-oldrel-windows-x86_64 | 2.0.1 | 69.00 | 565.00 | 634.00 | NOTE |
Version: 2.0.1
Check: C++ specification
Result: NOTE
Specified C++11: please drop specification unless essential
Flavors: r-devel-linux-x86_64-debian-clang, r-devel-linux-x86_64-fedora-clang, r-devel-linux-x86_64-fedora-gcc, r-devel-windows-x86_64, r-patched-linux-x86_64, r-release-linux-x86_64, r-release-macos-arm64, r-release-windows-x86_64, r-oldrel-macos-arm64, r-oldrel-macos-x86_64, r-oldrel-windows-x86_64
Version: 2.0.1
Check: dependencies in R code
Result: NOTE
Namespace in Imports field not imported from: ‘grDevices’
All declared Imports should be used.
Flavors: r-devel-linux-x86_64-fedora-clang, r-devel-linux-x86_64-fedora-gcc
These binaries (installable software) and packages are in development.
They may not be fully stable and should be used with caution. We make no claims about them.