Last updated on 2024-05-04 03:50:27 CEST.
Flavor | Version | Tinstall | Tcheck | Ttotal | Status | Flags |
---|---|---|---|---|---|---|
r-devel-linux-x86_64-debian-clang | 2.0 | 1.57 | 22.42 | 23.99 | NOTE | |
r-devel-linux-x86_64-fedora-clang | 2.0 | 32.25 | NOTE | |||
r-devel-linux-x86_64-fedora-gcc | 2.0 | 29.98 | NOTE | |||
r-devel-windows-x86_64 | 2.0 | 2.00 | 40.00 | 42.00 | NOTE | |
r-patched-linux-x86_64 | 2.0 | 1.58 | 21.92 | 23.50 | NOTE | |
r-release-linux-x86_64 | 2.0 | 1.64 | 21.34 | 22.98 | NOTE | |
r-release-macos-arm64 | 2.0 | 16.00 | NOTE | |||
r-release-macos-x86_64 | 2.0 | 26.00 | NOTE | |||
r-release-windows-x86_64 | 2.0 | 2.00 | 40.00 | 42.00 | NOTE | |
r-oldrel-macos-arm64 | 2.0 | 17.00 | NOTE | |||
r-oldrel-macos-x86_64 | 2.0 | 24.00 | NOTE | |||
r-oldrel-windows-x86_64 | 2.0 | 2.00 | 40.00 | 42.00 | NOTE |
Version: 2.0
Check: DESCRIPTION meta-information
Result: NOTE
Malformed Description field: should contain one or more complete sentences.
Flavors: r-devel-linux-x86_64-debian-clang, r-devel-linux-x86_64-fedora-clang, r-devel-linux-x86_64-fedora-gcc, r-devel-windows-x86_64, r-patched-linux-x86_64, r-release-linux-x86_64, r-release-macos-arm64, r-release-macos-x86_64, r-release-windows-x86_64, r-oldrel-macos-arm64, r-oldrel-macos-x86_64, r-oldrel-windows-x86_64
These binaries (installable software) and packages are in development.
They may not be fully stable and should be used with caution. We make no claims about them.