Last updated on 2024-05-04 03:50:28 CEST.
Flavor | Version | Tinstall | Tcheck | Ttotal | Status | Flags |
---|---|---|---|---|---|---|
r-devel-linux-x86_64-debian-clang | 1.0.8 | 11.74 | 91.12 | 102.86 | NOTE | |
r-devel-linux-x86_64-fedora-clang | 1.0.8 | 124.75 | NOTE | |||
r-devel-linux-x86_64-fedora-gcc | 1.0.8 | 117.75 | NOTE | |||
r-devel-windows-x86_64 | 1.0.8 | 10.00 | 79.00 | 89.00 | NOTE | |
r-patched-linux-x86_64 | 1.0.8 | 14.25 | 85.55 | 99.80 | NOTE | |
r-release-linux-x86_64 | 1.0.8 | 8.80 | 84.21 | 93.01 | NOTE | |
r-release-macos-arm64 | 1.0.8 | 36.00 | NOTE | |||
r-release-windows-x86_64 | 1.0.8 | 11.00 | 85.00 | 96.00 | NOTE | |
r-oldrel-macos-arm64 | 1.0.8 | 42.00 | NOTE | |||
r-oldrel-macos-x86_64 | 1.0.8 | 64.00 | NOTE | |||
r-oldrel-windows-x86_64 | 1.0.8 | 12.00 | 94.00 | 106.00 | NOTE |
Version: 1.0.8
Check: LazyData
Result: NOTE
'LazyData' is specified without a 'data' directory
Flavors: r-devel-linux-x86_64-debian-clang, r-devel-linux-x86_64-fedora-clang, r-devel-linux-x86_64-fedora-gcc, r-devel-windows-x86_64, r-patched-linux-x86_64, r-release-linux-x86_64, r-release-macos-arm64, r-release-windows-x86_64, r-oldrel-macos-arm64, r-oldrel-macos-x86_64, r-oldrel-windows-x86_64
These binaries (installable software) and packages are in development.
They may not be fully stable and should be used with caution. We make no claims about them.