Last updated on 2024-05-04 03:50:28 CEST.
Flavor | Version | Tinstall | Tcheck | Ttotal | Status | Flags |
---|---|---|---|---|---|---|
r-devel-linux-x86_64-debian-clang | 1.0.3 | 19.49 | 26.85 | 46.34 | NOTE | |
r-devel-linux-x86_64-fedora-clang | 1.0.3 | 65.47 | NOTE | |||
r-devel-linux-x86_64-fedora-gcc | 1.0.3 | 58.65 | NOTE | |||
r-devel-windows-x86_64 | 1.0.3 | 19.00 | 68.00 | 87.00 | NOTE | |
r-patched-linux-x86_64 | 1.0.3 | 16.13 | 26.15 | 42.28 | NOTE | |
r-release-linux-x86_64 | 1.0.3 | 17.74 | 25.99 | 43.73 | NOTE | |
r-release-macos-arm64 | 1.0.3 | 21.00 | NOTE | |||
r-release-windows-x86_64 | 1.0.3 | 16.00 | 61.00 | 77.00 | NOTE | |
r-oldrel-macos-arm64 | 1.0.3 | 22.00 | NOTE | |||
r-oldrel-macos-x86_64 | 1.0.3 | 34.00 | NOTE | |||
r-oldrel-windows-x86_64 | 1.0.3 | 16.00 | 65.00 | 81.00 | NOTE |
Version: 1.0.3
Check: C++ specification
Result: NOTE
Specified C++11: please drop specification unless essential
Flavors: r-devel-linux-x86_64-debian-clang, r-devel-linux-x86_64-fedora-clang, r-devel-linux-x86_64-fedora-gcc, r-devel-windows-x86_64, r-patched-linux-x86_64, r-release-linux-x86_64, r-release-macos-arm64, r-release-windows-x86_64, r-oldrel-macos-arm64, r-oldrel-macos-x86_64, r-oldrel-windows-x86_64
Version: 1.0.3
Check: LazyData
Result: NOTE
'LazyData' is specified without a 'data' directory
Flavors: r-devel-linux-x86_64-debian-clang, r-devel-linux-x86_64-fedora-clang, r-devel-linux-x86_64-fedora-gcc, r-devel-windows-x86_64, r-patched-linux-x86_64, r-release-linux-x86_64, r-release-macos-arm64, r-release-windows-x86_64, r-oldrel-macos-arm64, r-oldrel-macos-x86_64, r-oldrel-windows-x86_64
These binaries (installable software) and packages are in development.
They may not be fully stable and should be used with caution. We make no claims about them.