Last updated on 2024-05-04 03:50:28 CEST.
Flavor | Version | Tinstall | Tcheck | Ttotal | Status | Flags |
---|---|---|---|---|---|---|
r-devel-linux-x86_64-debian-clang | 3.5.0 | 38.58 | 259.99 | 298.57 | WARN | |
r-devel-linux-x86_64-fedora-clang | 3.5.0 | 416.32 | WARN | |||
r-devel-linux-x86_64-fedora-gcc | 3.5.0 | 398.66 | WARN | |||
r-devel-windows-x86_64 | 3.5.0 | 33.00 | 205.00 | 238.00 | OK | |
r-patched-linux-x86_64 | 3.5.0 | 27.17 | 247.15 | 274.32 | WARN | |
r-release-linux-x86_64 | 3.5.0 | 26.13 | 246.91 | 273.04 | WARN | |
r-release-macos-arm64 | 3.5.0 | 96.00 | NOTE | |||
r-release-macos-x86_64 | 3.5.0 | 262.00 | OK | |||
r-release-windows-x86_64 | 3.5.0 | 36.00 | 203.00 | 239.00 | OK | |
r-oldrel-macos-arm64 | 3.5.0 | 118.00 | NOTE | |||
r-oldrel-macos-x86_64 | 3.5.0 | 192.00 | NOTE | |||
r-oldrel-windows-x86_64 | 3.5.0 | 47.00 | 269.00 | 316.00 | OK |
Version: 3.5.0
Check: package dependencies
Result: NOTE
Packages suggested but not available for checking:
'AnnotationDbi', 'biomaRt', 'SingleCellExperiment', 'slingshot'
Flavor: r-devel-linux-x86_64-debian-clang
Version: 3.5.0
Check: dependencies in R code
Result: WARN
Missing or unexported objects:
‘Biostrings::score’ ‘Biostrings::subject’
Flavors: r-devel-linux-x86_64-debian-clang, r-devel-linux-x86_64-fedora-clang, r-devel-linux-x86_64-fedora-gcc, r-patched-linux-x86_64, r-release-linux-x86_64
Version: 3.5.0
Check: package dependencies
Result: NOTE
Package suggested but not available for checking: ‘slingshot’
Flavors: r-release-macos-arm64, r-oldrel-macos-arm64, r-oldrel-macos-x86_64
These binaries (installable software) and packages are in development.
They may not be fully stable and should be used with caution. We make no claims about them.