Last updated on 2024-05-04 03:50:29 CEST.
Flavor | Version | Tinstall | Tcheck | Ttotal | Status | Flags |
---|---|---|---|---|---|---|
r-devel-linux-x86_64-debian-clang | 1.5.2 | 12.79 | 99.82 | 112.61 | NOTE | |
r-devel-linux-x86_64-fedora-clang | 1.5.2 | 137.86 | NOTE | |||
r-devel-linux-x86_64-fedora-gcc | 1.5.2 | 129.10 | NOTE | |||
r-devel-windows-x86_64 | 1.5.2 | 12.00 | 85.00 | 97.00 | NOTE | |
r-patched-linux-x86_64 | 1.5.2 | 11.57 | 91.85 | 103.42 | NOTE | |
r-release-linux-x86_64 | 1.5.2 | 7.71 | 92.30 | 100.01 | NOTE | |
r-release-macos-arm64 | 1.5.2 | 38.00 | NOTE | |||
r-release-windows-x86_64 | 1.5.2 | 11.00 | 82.00 | 93.00 | NOTE | |
r-oldrel-macos-arm64 | 1.5.2 | 59.00 | OK | |||
r-oldrel-macos-x86_64 | 1.5.2 | 82.00 | OK | |||
r-oldrel-windows-x86_64 | 1.5.2 | 15.00 | 99.00 | 114.00 | OK |
Version: 1.5.2
Check: Rd files
Result: NOTE
checkRd: (-1) organize.Rd:17: Lost braces in \itemize; \value handles \item{}{} directly
checkRd: (-1) organize.Rd:18: Lost braces in \itemize; \value handles \item{}{} directly
checkRd: (-1) rebuild.Rd:17: Lost braces in \itemize; \value handles \item{}{} directly
checkRd: (-1) rebuild.Rd:18: Lost braces in \itemize; \value handles \item{}{} directly
checkRd: (-1) rebuild.Rd:19: Lost braces in \itemize; \value handles \item{}{} directly
checkRd: (-1) rebuild.Rd:20: Lost braces in \itemize; \value handles \item{}{} directly
Flavors: r-devel-linux-x86_64-debian-clang, r-devel-linux-x86_64-fedora-clang, r-devel-linux-x86_64-fedora-gcc, r-devel-windows-x86_64, r-patched-linux-x86_64, r-release-linux-x86_64, r-release-macos-arm64, r-release-windows-x86_64
These binaries (installable software) and packages are in development.
They may not be fully stable and should be used with caution. We make no claims about them.