Last updated on 2024-05-04 03:50:29 CEST.
Flavor | Version | Tinstall | Tcheck | Ttotal | Status | Flags |
---|---|---|---|---|---|---|
r-devel-linux-x86_64-debian-clang | 1.0.0 | 5.21 | 61.94 | 67.15 | OK | |
r-devel-linux-x86_64-fedora-clang | 1.0.0 | 84.41 | OK | |||
r-devel-linux-x86_64-fedora-gcc | 1.0.0 | 93.18 | OK | |||
r-devel-windows-x86_64 | 1.0.0 | 6.00 | 73.00 | 79.00 | OK | |
r-patched-linux-x86_64 | 1.0.0 | 5.93 | 61.09 | 67.02 | OK | |
r-release-linux-x86_64 | 1.0.0 | 3.70 | 60.88 | 64.58 | OK | |
r-release-macos-arm64 | 1.0.0 | 35.00 | WARN | |||
r-release-macos-x86_64 | 1.0.0 | 81.00 | WARN | |||
r-release-windows-x86_64 | 1.0.0 | 6.00 | 70.00 | 76.00 | OK | |
r-oldrel-macos-arm64 | 1.0.0 | 44.00 | WARN | |||
r-oldrel-macos-x86_64 | 1.0.0 | 76.00 | WARN | |||
r-oldrel-windows-x86_64 | 1.0.0 | 6.00 | 74.00 | 80.00 | OK |
Version: 1.0.0
Check: dependencies in R code
Result: WARN
Missing or unexported objects:
‘async::http_get’ ‘async::http_stop_for_status’ ‘async::synchronise’
‘async::when_all’
Flavors: r-release-macos-arm64, r-release-macos-x86_64, r-oldrel-macos-arm64, r-oldrel-macos-x86_64
These binaries (installable software) and packages are in development.
They may not be fully stable and should be used with caution. We make no claims about them.