Last updated on 2024-05-04 03:50:29 CEST.
Flavor | Version | Tinstall | Tcheck | Ttotal | Status | Flags |
---|---|---|---|---|---|---|
r-devel-linux-x86_64-debian-clang | 3.22 | 28.38 | 139.04 | 167.42 | OK | |
r-devel-linux-x86_64-fedora-clang | 3.22 | 204.02 | NOTE | |||
r-devel-linux-x86_64-fedora-gcc | 3.22 | 195.31 | OK | |||
r-devel-windows-x86_64 | 3.22 | 34.00 | 114.00 | 148.00 | NOTE | |
r-patched-linux-x86_64 | 3.22 | 29.73 | 134.79 | 164.52 | OK | |
r-release-linux-x86_64 | 3.22 | 25.51 | 130.76 | 156.27 | OK | |
r-release-macos-arm64 | 3.22 | 51.00 | NOTE | |||
r-release-macos-x86_64 | 3.22 | 142.00 | NOTE | |||
r-release-windows-x86_64 | 3.22 | 30.00 | 112.00 | 142.00 | NOTE | |
r-oldrel-macos-arm64 | 3.22 | 55.00 | NOTE | |||
r-oldrel-macos-x86_64 | 3.22 | 125.00 | NOTE | |||
r-oldrel-windows-x86_64 | 3.22 | 39.00 | 137.00 | 176.00 | NOTE |
Version: 3.22
Check: installed package size
Result: NOTE
installed size is 5.8Mb
sub-directories of 1Mb or more:
gui 1.7Mb
staticdocs 3.3Mb
Flavors: r-devel-linux-x86_64-fedora-clang, r-devel-windows-x86_64, r-release-macos-arm64, r-release-macos-x86_64, r-release-windows-x86_64, r-oldrel-macos-arm64, r-oldrel-macos-x86_64, r-oldrel-windows-x86_64
These binaries (installable software) and packages are in development.
They may not be fully stable and should be used with caution. We make no claims about them.