Last updated on 2024-05-04 03:50:29 CEST.
Flavor | Version | Tinstall | Tcheck | Ttotal | Status | Flags |
---|---|---|---|---|---|---|
r-devel-linux-x86_64-debian-clang | 0.7.4 | 5.14 | 60.48 | 65.62 | NOTE | |
r-devel-linux-x86_64-fedora-clang | 0.7.4 | 83.22 | NOTE | |||
r-devel-linux-x86_64-fedora-gcc | 0.7.4 | 89.17 | NOTE | |||
r-devel-windows-x86_64 | 0.7.4 | 5.00 | 96.00 | 101.00 | NOTE | |
r-patched-linux-x86_64 | 0.7.4 | 3.31 | 59.55 | 62.86 | NOTE | |
r-release-linux-x86_64 | 0.7.4 | 4.38 | 58.04 | 62.42 | NOTE | |
r-release-macos-arm64 | 0.7.4 | 39.00 | NOTE | |||
r-release-windows-x86_64 | 0.7.4 | 5.00 | 97.00 | 102.00 | NOTE | |
r-oldrel-macos-arm64 | 0.7.4 | 42.00 | OK | |||
r-oldrel-macos-x86_64 | 0.7.4 | 76.00 | OK | |||
r-oldrel-windows-x86_64 | 0.7.4 | 6.00 | 98.00 | 104.00 | OK |
Version: 0.7.4
Check: Rd files
Result: NOTE
checkRd: (-1) QGlink.funcs.Rd:29: Lost braces in \itemize; \value handles \item{}{} directly
checkRd: (-1) QGlink.funcs.Rd:30: Lost braces in \itemize; \value handles \item{}{} directly
checkRd: (-1) QGlink.funcs.Rd:31: Lost braces in \itemize; \value handles \item{}{} directly
checkRd: (-1) QGmvpred.Rd:39: Lost braces in \itemize; \value handles \item{}{} directly
checkRd: (-1) QGmvpred.Rd:40: Lost braces in \itemize; \value handles \item{}{} directly
checkRd: (-1) QGmvpred.Rd:41: Lost braces in \itemize; \value handles \item{}{} directly
checkRd: (-1) QGmvpred.Rd:42: Lost braces in \itemize; \value handles \item{}{} directly
checkRd: (-1) QGpred.Rd:36: Lost braces in \itemize; \value handles \item{}{} directly
checkRd: (-1) QGpred.Rd:37: Lost braces in \itemize; \value handles \item{}{} directly
checkRd: (-1) QGpred.Rd:38: Lost braces in \itemize; \value handles \item{}{} directly
checkRd: (-1) QGpred.Rd:39: Lost braces in \itemize; \value handles \item{}{} directly
Flavors: r-devel-linux-x86_64-debian-clang, r-devel-linux-x86_64-fedora-clang, r-devel-linux-x86_64-fedora-gcc, r-devel-windows-x86_64, r-patched-linux-x86_64, r-release-linux-x86_64, r-release-macos-arm64, r-release-windows-x86_64
These binaries (installable software) and packages are in development.
They may not be fully stable and should be used with caution. We make no claims about them.