Last updated on 2024-05-04 03:50:29 CEST.
Flavor | Version | Tinstall | Tcheck | Ttotal | Status | Flags |
---|---|---|---|---|---|---|
r-devel-linux-x86_64-debian-clang | 1.2.6 | 140.41 | 110.77 | 251.18 | OK | |
r-devel-linux-x86_64-fedora-clang | 1.2.6 | 377.05 | OK | |||
r-devel-linux-x86_64-fedora-gcc | 1.2.6 | 374.68 | OK | |||
r-devel-windows-x86_64 | 1.2.6 | 109.00 | 158.00 | 267.00 | OK | |
r-patched-linux-x86_64 | 1.2.6 | 132.34 | 106.23 | 238.57 | OK | |
r-release-linux-x86_64 | 1.2.6 | 132.95 | 108.62 | 241.57 | OK | |
r-release-macos-arm64 | 1.2.6 | 85.00 | OK | |||
r-release-macos-x86_64 | 1.2.6 | 167.00 | OK | |||
r-release-windows-x86_64 | 1.2.6 | 108.00 | 144.00 | 252.00 | ERROR | |
r-oldrel-macos-arm64 | 1.2.6 | 90.00 | OK | |||
r-oldrel-macos-x86_64 | 1.2.6 | 144.00 | OK | |||
r-oldrel-windows-x86_64 | 1.2.6 | 134.00 | 178.00 | 312.00 | OK |
Version: 1.2.6
Check: re-building of vignette outputs
Result: ERROR
Error(s) in re-building vignettes:
--- re-building 'Quartet-Distance.Rmd' using rmarkdown
Could not fetch https://raw.githubusercontent.com/citation-style-language/styles/master/apa-old-doi-prefix.csl
HttpExceptionRequest Request {
host = "raw.githubusercontent.com"
port = 443
secure = True
requestHeaders = []
path = "/citation-style-language/styles/master/apa-old-doi-prefix.csl"
queryString = ""
method = "GET"
proxy = Nothing
rawBody = False
redirectCount = 10
responseTimeout = ResponseTimeoutDefault
requestVersion = HTTP/1.1
proxySecureMode = ProxySecureWithConnect
}
(InternalException (HandshakeFailed (Error_Misc "Network.Socket.recvBuf: invalid argument (Invalid argument)")))
Error: processing vignette 'Quartet-Distance.Rmd' failed with diagnostics:
pandoc document conversion failed with error 61
--- failed re-building 'Quartet-Distance.Rmd'
--- re-building 'Using-Quartet.Rmd' using rmarkdown
Could not fetch https://raw.githubusercontent.com/citation-style-language/styles/master/apa-old-doi-prefix.csl
HttpExceptionRequest Request {
host = "raw.githubusercontent.com"
port = 443
secure = True
requestHeaders = []
path = "/citation-style-language/styles/master/apa-old-doi-prefix.csl"
queryString = ""
method = "GET"
proxy = Nothing
rawBody = False
redirectCount = 10
responseTimeout = ResponseTimeoutDefault
requestVersion = HTTP/1.1
proxySecureMode = ProxySecureWithConnect
}
(InternalException (HandshakeFailed (Error_Misc "Network.Socket.recvBuf: invalid argument (Invalid argument)")))
Error: processing vignette 'Using-Quartet.Rmd' failed with diagnostics:
pandoc document conversion failed with error 61
--- failed re-building 'Using-Quartet.Rmd'
SUMMARY: processing the following files failed:
'Quartet-Distance.Rmd' 'Using-Quartet.Rmd'
Error: Vignette re-building failed.
Execution halted
Flavor: r-release-windows-x86_64
These binaries (installable software) and packages are in development.
They may not be fully stable and should be used with caution. We make no claims about them.