Last updated on 2024-05-04 03:50:29 CEST.
Flavor | Version | Tinstall | Tcheck | Ttotal | Status | Flags |
---|---|---|---|---|---|---|
r-devel-linux-x86_64-debian-clang | 0.7-1.1 | 3.66 | 36.98 | 40.64 | NOTE | |
r-devel-linux-x86_64-fedora-clang | 0.7-1.1 | 51.52 | NOTE | |||
r-devel-linux-x86_64-fedora-gcc | 0.7-1.1 | 48.62 | NOTE | |||
r-devel-windows-x86_64 | 0.7-1.1 | 4.00 | 52.00 | 56.00 | NOTE | |
r-patched-linux-x86_64 | 0.7-1.1 | 5.95 | 35.71 | 41.66 | NOTE | |
r-release-linux-x86_64 | 0.7-1.1 | 4.16 | 36.09 | 40.25 | NOTE | |
r-release-macos-arm64 | 0.7-1.1 | 21.00 | NOTE | |||
r-release-macos-x86_64 | 0.7-1.1 | 48.00 | OK | |||
r-release-windows-x86_64 | 0.7-1.1 | 4.00 | 51.00 | 55.00 | NOTE | |
r-oldrel-macos-arm64 | 0.7-1.1 | 28.00 | OK | |||
r-oldrel-macos-x86_64 | 0.7-1.1 | 50.00 | OK | |||
r-oldrel-windows-x86_64 | 0.7-1.1 | 5.00 | 53.00 | 58.00 | OK |
Version: 0.7-1.1
Check: Rd files
Result: NOTE
checkRd: (-1) jags.Rd:128: Lost braces in \itemize; meant \describe ?
Flavors: r-devel-linux-x86_64-debian-clang, r-devel-linux-x86_64-fedora-clang, r-devel-linux-x86_64-fedora-gcc, r-devel-windows-x86_64, r-patched-linux-x86_64, r-release-linux-x86_64, r-release-macos-arm64, r-release-windows-x86_64
These binaries (installable software) and packages are in development.
They may not be fully stable and should be used with caution. We make no claims about them.