Last updated on 2024-05-04 03:50:29 CEST.
Flavor | Version | Tinstall | Tcheck | Ttotal | Status | Flags |
---|---|---|---|---|---|---|
r-devel-linux-x86_64-debian-clang | 1.4.1 | 1.82 | 26.14 | 27.96 | NOTE | |
r-devel-linux-x86_64-fedora-clang | 1.4.1 | 36.21 | NOTE | |||
r-devel-linux-x86_64-fedora-gcc | 1.4.1 | 35.43 | NOTE | |||
r-devel-windows-x86_64 | 1.4.1 | 3.00 | 41.00 | 44.00 | NOTE | |
r-patched-linux-x86_64 | 1.4.1 | 2.31 | 25.06 | 27.37 | NOTE | |
r-release-linux-x86_64 | 1.4.1 | 1.98 | 24.97 | 26.95 | NOTE | |
r-release-macos-arm64 | 1.4.1 | 16.00 | NOTE | |||
r-release-windows-x86_64 | 1.4.1 | 3.00 | 41.00 | 44.00 | NOTE | |
r-oldrel-macos-arm64 | 1.4.1 | 19.00 | NOTE | |||
r-oldrel-macos-x86_64 | 1.4.1 | 20.00 | NOTE | |||
r-oldrel-windows-x86_64 | 1.4.1 | 2.00 | 40.00 | 42.00 | NOTE |
Version: 1.4.1
Check: LazyData
Result: NOTE
'LazyData' is specified without a 'data' directory
Flavors: r-devel-linux-x86_64-debian-clang, r-devel-linux-x86_64-fedora-clang, r-devel-linux-x86_64-fedora-gcc, r-devel-windows-x86_64, r-patched-linux-x86_64, r-release-linux-x86_64, r-release-macos-arm64, r-release-windows-x86_64, r-oldrel-macos-arm64, r-oldrel-macos-x86_64, r-oldrel-windows-x86_64
These binaries (installable software) and packages are in development.
They may not be fully stable and should be used with caution. We make no claims about them.