Last updated on 2025-10-23 21:51:38 CEST.
Flavor | Version | Tinstall | Tcheck | Ttotal | Status | Flags |
---|---|---|---|---|---|---|
r-devel-linux-x86_64-debian-clang | 0.3.7 | 24.26 | 34.81 | 59.07 | OK | |
r-devel-linux-x86_64-debian-gcc | 0.3.7 | 13.34 | 28.03 | 41.37 | NOTE | |
r-devel-linux-x86_64-fedora-clang | 0.3.7 | 100.00 | 18.87 | 118.87 | OK | |
r-devel-linux-x86_64-fedora-gcc | 0.3.7 | 46.00 | 40.48 | 86.48 | OK | |
r-devel-windows-x86_64 | 0.3.7 | 32.00 | 58.00 | 90.00 | OK | |
r-patched-linux-x86_64 | 0.3.7 | 21.58 | 33.42 | 55.00 | OK | |
r-release-linux-x86_64 | 0.3.7 | 21.10 | 33.80 | 54.90 | OK | |
r-release-macos-arm64 | 0.3.7 | 9.00 | 23.00 | 32.00 | OK | |
r-release-macos-x86_64 | 0.3.7 | 15.00 | 42.00 | 57.00 | OK | |
r-release-windows-x86_64 | 0.3.7 | 37.00 | 60.00 | 97.00 | OK | |
r-oldrel-macos-arm64 | 0.3.7 | 10.00 | 20.00 | 30.00 | OK | |
r-oldrel-macos-x86_64 | 0.3.7 | 17.00 | 54.00 | 71.00 | OK | |
r-oldrel-windows-x86_64 | 0.3.7 | 39.00 | 68.00 | 107.00 | OK |
Version: 0.3.7
Check: Rd files
Result: NOTE
checkRd: (-1) RCALI-package.Rd:12-19: Only 2 columns allowed in this table (row 3 has 1)
checkRd: (-1) RCALI-package.Rd:12-19: Only 2 columns allowed in this table (row 4 has 1)
Flavor: r-devel-linux-x86_64-debian-gcc
These binaries (installable software) and packages are in development.
They may not be fully stable and should be used with caution. We make no claims about them.