CRAN Package Check Results for Package RChest

Last updated on 2025-11-17 05:49:47 CET.

Flavor Version Tinstall Tcheck Ttotal Status Flags
r-devel-linux-x86_64-debian-clang 1.0.3 4.80 63.67 68.47 OK
r-devel-linux-x86_64-debian-gcc 1.0.3 3.90 49.41 53.31 OK
r-devel-linux-x86_64-fedora-clang 1.0.3 11.00 93.14 104.14 NOTE
r-devel-linux-x86_64-fedora-gcc 1.0.3 11.00 87.69 98.69 NOTE
r-devel-windows-x86_64 1.0.3 9.00 86.00 95.00 OK
r-patched-linux-x86_64 1.0.3 4.40 59.66 64.06 OK
r-release-linux-x86_64 1.0.3 4.70 59.56 64.26 OK
r-release-macos-arm64 1.0.3 3.00 34.00 37.00 OK
r-release-macos-x86_64 1.0.3 5.00 58.00 63.00 OK
r-release-windows-x86_64 1.0.3 7.00 91.00 98.00 OK
r-oldrel-macos-arm64 1.0.3 3.00 30.00 33.00 NOTE
r-oldrel-macos-x86_64 1.0.3 4.00 43.00 47.00 NOTE
r-oldrel-windows-x86_64 1.0.3 9.00 99.00 108.00 NOTE

Check Details

Version: 1.0.3
Check: dependencies in R code
Result: NOTE Namespace in Imports field not imported from: ‘Rdpack’ All declared Imports should be used. Flavors: r-devel-linux-x86_64-fedora-clang, r-devel-linux-x86_64-fedora-gcc

Version: 1.0.3
Check: LazyData
Result: NOTE 'LazyData' is specified without a 'data' directory Flavors: r-oldrel-macos-arm64, r-oldrel-macos-x86_64, r-oldrel-windows-x86_64

These binaries (installable software) and packages are in development.
They may not be fully stable and should be used with caution. We make no claims about them.