Last updated on 2024-05-04 03:50:30 CEST.
Flavor | Version | Tinstall | Tcheck | Ttotal | Status | Flags |
---|---|---|---|---|---|---|
r-devel-linux-x86_64-debian-clang | 0.6.9 | 134.06 | 68.03 | 202.09 | OK | |
r-devel-linux-x86_64-fedora-clang | 0.6.9 | 301.33 | OK | |||
r-devel-linux-x86_64-fedora-gcc | 0.6.9 | 283.80 | OK | |||
r-devel-windows-x86_64 | 0.6.9 | 130.00 | 96.00 | 226.00 | OK | |
r-patched-linux-x86_64 | 0.6.9 | 104.85 | 67.16 | 172.01 | OK | |
r-release-linux-x86_64 | 0.6.9 | 92.08 | 65.56 | 157.64 | OK | |
r-release-macos-arm64 | 0.6.9 | 70.00 | NOTE | |||
r-release-windows-x86_64 | 0.6.9 | 119.00 | 87.00 | 206.00 | OK | |
r-oldrel-macos-arm64 | 0.6.9 | 75.00 | NOTE | |||
r-oldrel-macos-x86_64 | 0.6.9 | 101.00 | NOTE | |||
r-oldrel-windows-x86_64 | 0.6.9 | 143.00 | 108.00 | 251.00 | OK |
Version: 0.6.9
Check: installed package size
Result: NOTE
installed size is 13.4Mb
sub-directories of 1Mb or more:
libs 13.1Mb
Flavors: r-release-macos-arm64, r-oldrel-macos-arm64, r-oldrel-macos-x86_64
These binaries (installable software) and packages are in development.
They may not be fully stable and should be used with caution. We make no claims about them.