Last updated on 2024-05-04 03:50:31 CEST.
Flavor | Version | Tinstall | Tcheck | Ttotal | Status | Flags |
---|---|---|---|---|---|---|
r-devel-linux-x86_64-debian-clang | 1.1.1 | 183.58 | 50.10 | 233.68 | OK | |
r-devel-linux-x86_64-fedora-clang | 1.1.1 | 351.14 | OK | |||
r-devel-linux-x86_64-fedora-gcc | 1.1.1 | 332.04 | OK | |||
r-devel-windows-x86_64 | 1.1.1 | 147.00 | 84.00 | 231.00 | OK | |
r-patched-linux-x86_64 | 1.1.1 | 170.38 | 48.33 | 218.71 | OK | |
r-release-linux-x86_64 | 1.1.1 | 132.91 | 49.56 | 182.47 | OK | |
r-release-macos-arm64 | 1.1.1 | 68.00 | NOTE | |||
r-release-windows-x86_64 | 1.1.1 | 138.00 | 81.00 | 219.00 | OK | |
r-oldrel-macos-arm64 | 1.1.1 | 96.00 | NOTE | |||
r-oldrel-macos-x86_64 | 1.1.1 | 84.00 | NOTE | |||
r-oldrel-windows-x86_64 | 1.1.1 | 172.00 | 92.00 | 264.00 | OK |
Version: 1.1.1
Check: installed package size
Result: NOTE
installed size is 5.9Mb
sub-directories of 1Mb or more:
libs 5.8Mb
Flavors: r-release-macos-arm64, r-oldrel-macos-arm64, r-oldrel-macos-x86_64
These binaries (installable software) and packages are in development.
They may not be fully stable and should be used with caution. We make no claims about them.