CRAN Package Check Results for Package RMT4DS

Last updated on 2025-10-25 11:48:45 CEST.

Flavor Version Tinstall Tcheck Ttotal Status Flags
r-devel-linux-x86_64-debian-clang 0.0.1 3.64 44.76 48.40 OK
r-devel-linux-x86_64-debian-gcc 0.0.1 2.52 35.27 37.79 OK
r-devel-linux-x86_64-fedora-clang 0.0.1 78.66 NOTE
r-devel-linux-x86_64-fedora-gcc 0.0.1 87.35 NOTE
r-devel-windows-x86_64 0.0.1 5.00 64.00 69.00 OK
r-patched-linux-x86_64 0.0.1 3.74 47.34 51.08 OK
r-release-linux-x86_64 0.0.1 3.82 47.81 51.63 OK
r-release-macos-arm64 0.0.1 2.00 31.00 33.00 OK
r-release-macos-x86_64 0.0.1 3.00 66.00 69.00 OK
r-release-windows-x86_64 0.0.1 7.00 63.00 70.00 OK
r-oldrel-macos-arm64 0.0.1 2.00 31.00 33.00 OK
r-oldrel-macos-x86_64 0.0.1 5.00 73.00 78.00 OK
r-oldrel-windows-x86_64 0.0.1 8.00 76.00 84.00 OK

Check Details

Version: 0.0.1
Check: dependencies in R code
Result: NOTE Namespace in Imports field not imported from: ‘quadprog’ All declared Imports should be used. Flavors: r-devel-linux-x86_64-fedora-clang, r-devel-linux-x86_64-fedora-gcc

These binaries (installable software) and packages are in development.
They may not be fully stable and should be used with caution. We make no claims about them.