Last updated on 2024-05-04 03:50:31 CEST.
Flavor | Version | Tinstall | Tcheck | Ttotal | Status | Flags |
---|---|---|---|---|---|---|
r-devel-linux-x86_64-debian-clang | 4.1.6 | 10.53 | 83.72 | 94.25 | NOTE | |
r-devel-linux-x86_64-fedora-clang | 4.1.6 | 116.51 | NOTE | |||
r-devel-linux-x86_64-fedora-gcc | 4.1.6 | 106.85 | NOTE | |||
r-devel-windows-x86_64 | 4.1.6 | 9.00 | 89.00 | 98.00 | NOTE | |
r-patched-linux-x86_64 | 4.1.6 | 8.79 | 79.21 | 88.00 | NOTE | |
r-release-linux-x86_64 | 4.1.6 | 5.69 | 78.45 | 84.14 | NOTE | |
r-release-macos-arm64 | 4.1.6 | 35.00 | NOTE | |||
r-release-windows-x86_64 | 4.1.6 | 9.00 | 88.00 | 97.00 | NOTE | |
r-oldrel-macos-arm64 | 4.1.6 | 35.00 | OK | |||
r-oldrel-macos-x86_64 | 4.1.6 | 82.00 | OK | |||
r-oldrel-windows-x86_64 | 4.1.6 | 11.00 | 102.00 | 113.00 | OK |
Version: 4.1.6
Check: Rd files
Result: NOTE
checkRd: (-1) histMisclassif.Rd:22: Lost braces
22 | err_i = 1 - max_{k={1,\ldots,K}} P(Z_i=k|x_i)
| ^
checkRd: (-1) histMisclassif.Rd:22: Lost braces
22 | err_i = 1 - max_{k={1,\ldots,K}} P(Z_i=k|x_i)
| ^
Flavors: r-devel-linux-x86_64-debian-clang, r-devel-linux-x86_64-fedora-clang, r-devel-linux-x86_64-fedora-gcc, r-devel-windows-x86_64, r-patched-linux-x86_64, r-release-linux-x86_64, r-release-macos-arm64, r-release-windows-x86_64
These binaries (installable software) and packages are in development.
They may not be fully stable and should be used with caution. We make no claims about them.