Last updated on 2024-05-04 03:50:31 CEST.
Flavor | Version | Tinstall | Tcheck | Ttotal | Status | Flags |
---|---|---|---|---|---|---|
r-devel-linux-x86_64-debian-clang | 0.9 | 6.22 | 36.40 | 42.62 | NOTE | |
r-devel-linux-x86_64-fedora-clang | 0.9 | 49.42 | NOTE | |||
r-devel-linux-x86_64-fedora-gcc | 0.9 | 48.33 | NOTE | |||
r-devel-windows-x86_64 | 0.9 | 4.00 | 48.00 | 52.00 | NOTE | |
r-patched-linux-x86_64 | 0.9 | 3.87 | 34.36 | 38.23 | NOTE | |
r-release-linux-x86_64 | 0.9 | 5.08 | 33.57 | 38.65 | NOTE | |
r-release-macos-arm64 | 0.9 | 19.00 | NOTE | |||
r-release-windows-x86_64 | 0.9 | 4.00 | 47.00 | 51.00 | NOTE | |
r-oldrel-macos-arm64 | 0.9 | 22.00 | NOTE | |||
r-oldrel-macos-x86_64 | 0.9 | 30.00 | NOTE | |||
r-oldrel-windows-x86_64 | 0.9 | 7.00 | 52.00 | 59.00 | NOTE |
Version: 0.9
Check: DESCRIPTION meta-information
Result: NOTE
Malformed Title field: should not end in a period.
Flavors: r-devel-linux-x86_64-debian-clang, r-devel-linux-x86_64-fedora-clang, r-devel-linux-x86_64-fedora-gcc, r-devel-windows-x86_64, r-patched-linux-x86_64, r-release-linux-x86_64, r-release-macos-arm64, r-release-windows-x86_64, r-oldrel-macos-arm64, r-oldrel-macos-x86_64, r-oldrel-windows-x86_64
Version: 0.9
Check: installed package size
Result: NOTE
installed size is 12.2Mb
sub-directories of 1Mb or more:
java 12.1Mb
Flavors: r-devel-linux-x86_64-fedora-clang, r-devel-windows-x86_64, r-release-macos-arm64, r-release-windows-x86_64, r-oldrel-macos-arm64, r-oldrel-macos-x86_64, r-oldrel-windows-x86_64
Version: 0.9
Check: dependencies in R code
Result: NOTE
Namespace in Imports field not imported from: ‘methods’
All declared Imports should be used.
Flavors: r-devel-linux-x86_64-fedora-clang, r-devel-linux-x86_64-fedora-gcc
These binaries (installable software) and packages are in development.
They may not be fully stable and should be used with caution. We make no claims about them.