Last updated on 2024-05-04 03:50:31 CEST.
Flavor | Version | Tinstall | Tcheck | Ttotal | Status | Flags |
---|---|---|---|---|---|---|
r-devel-linux-x86_64-debian-clang | 1.0-1 | 9.14 | 622.86 | 632.00 | NOTE | |
r-devel-linux-x86_64-fedora-clang | 1.0-1 | 77.20 | NOTE | |||
r-devel-linux-x86_64-fedora-gcc | 1.0-1 | 72.58 | NOTE | |||
r-devel-windows-x86_64 | 1.0-1 | 26.00 | 335.00 | 361.00 | NOTE | |
r-patched-linux-x86_64 | 1.0-1 | 7.54 | 649.99 | 657.53 | NOTE | |
r-release-linux-x86_64 | 1.0-1 | 6.34 | 638.24 | 644.58 | NOTE | |
r-release-macos-arm64 | 1.0-1 | 26.00 | NOTE | |||
r-release-windows-x86_64 | 1.0-1 | 38.00 | 344.00 | 382.00 | NOTE | |
r-oldrel-macos-arm64 | 1.0-1 | 25.00 | OK | |||
r-oldrel-macos-x86_64 | 1.0-1 | 46.00 | OK | |||
r-oldrel-windows-x86_64 | 1.0-1 | 40.00 | 406.00 | 446.00 | OK |
Version: 1.0-1
Check: Rd files
Result: NOTE
checkRd: (-1) ROI_plugin_build_equality_constraints.Rd:27: Lost braces in \enumerate; meant \describe ?
checkRd: (-1) ROI_plugin_build_equality_constraints.Rd:28: Lost braces in \enumerate; meant \describe ?
checkRd: (-1) ROI_plugin_build_inequality_constraints.Rd:27: Lost braces in \enumerate; meant \describe ?
checkRd: (-1) ROI_plugin_build_inequality_constraints.Rd:28: Lost braces in \enumerate; meant \describe ?
checkRd: (-1) ROI_plugin_build_inequality_constraints.Rd:29: Lost braces in \enumerate; meant \describe ?
checkRd: (-1) ROI_solve.Rd:26: Lost braces in \itemize; \value handles \item{}{} directly
checkRd: (-1) ROI_solve.Rd:27: Lost braces in \itemize; \value handles \item{}{} directly
checkRd: (-1) ROI_solve.Rd:28-30: Lost braces in \itemize; \value handles \item{}{} directly
checkRd: (-1) ROI_solve.Rd:31: Lost braces in \itemize; \value handles \item{}{} directly
Flavors: r-devel-linux-x86_64-debian-clang, r-devel-linux-x86_64-fedora-clang, r-devel-linux-x86_64-fedora-gcc, r-devel-windows-x86_64, r-patched-linux-x86_64, r-release-linux-x86_64, r-release-macos-arm64, r-release-windows-x86_64
These binaries (installable software) and packages are in development.
They may not be fully stable and should be used with caution. We make no claims about them.