Last updated on 2024-05-04 03:50:31 CEST.
Flavor | Version | Tinstall | Tcheck | Ttotal | Status | Flags |
---|---|---|---|---|---|---|
r-devel-linux-x86_64-debian-clang | 4.90.1 | 2.93 | 30.09 | 33.02 | OK | |
r-devel-linux-x86_64-fedora-clang | 4.90.1 | 43.18 | OK | |||
r-devel-linux-x86_64-fedora-gcc | 4.90.1 | 53.54 | OK | |||
r-devel-windows-x86_64 | 4.90.1 | 16.00 | 48.00 | 64.00 | OK | |
r-patched-linux-x86_64 | 4.90.1 | 2.28 | 29.18 | 31.46 | OK | |
r-release-linux-x86_64 | 4.90.1 | 2.66 | 29.14 | 31.80 | OK | |
r-release-macos-arm64 | 4.90.1 | 25.00 | WARN | |||
r-release-windows-x86_64 | 4.90.1 | 13.00 | 48.00 | 61.00 | OK | |
r-oldrel-macos-arm64 | 4.90.1 | 29.00 | WARN | |||
r-oldrel-macos-x86_64 | 4.90.1 | 47.00 | WARN | |||
r-oldrel-windows-x86_64 | 4.90.1 | 14.00 | 43.00 | 57.00 | OK |
Version: 4.90.1
Check: whether startup messages can be suppressed
Result: NOTE
sh: cmake: command not found
------------------ CMAKE NOT FOUND --------------------
CMake was not found on the PATH. Please install CMake:
- installr::install.cmake() (Windows; inside the R console)
- yum install cmake (Fedora/CentOS; inside a terminal)
- apt install cmake (Debian/Ubuntu; inside a terminal)
- brew install cmake (MacOS; inside a terminal with Homebrew)
- port install cmake (MacOS; inside a terminal with MacPorts)
Alternatively install CMake from: <https://cmake.org/>
-------------------------------------------------------
It looks like this package (or a package it requires) has a startup
message which cannot be suppressed: see ?packageStartupMessage.
Flavor: r-release-macos-arm64
Version: 4.90.1
Check: for missing documentation entries
Result: WARN
sh: cmake: command not found
All user-level objects in a package should have documentation entries.
See chapter ‘Writing R documentation files’ in the ‘Writing R
Extensions’ manual.
Flavors: r-release-macos-arm64, r-oldrel-macos-arm64, r-oldrel-macos-x86_64
Version: 4.90.1
Check: for code/documentation mismatches
Result: WARN
sh: cmake: command not found
sh: cmake: command not found
sh: cmake: command not found
Flavors: r-release-macos-arm64, r-oldrel-macos-arm64, r-oldrel-macos-x86_64
Version: 4.90.1
Check: startup messages can be suppressed
Result: NOTE
sh: cmake: command not found
------------------ CMAKE NOT FOUND --------------------
CMake was not found on the PATH. Please install CMake:
- installr::install.cmake() (Windows; inside the R console)
- yum install cmake (Fedora/CentOS; inside a terminal)
- apt install cmake (Debian/Ubuntu; inside a terminal)
- brew install cmake (MacOS; inside a terminal with Homebrew)
- port install cmake (MacOS; inside a terminal with MacPorts)
Alternatively install CMake from: <https://cmake.org/>
-------------------------------------------------------
It looks like this package (or a package it requires) has a startup
message which cannot be suppressed: see ?packageStartupMessage.
Flavors: r-oldrel-macos-arm64, r-oldrel-macos-x86_64
These binaries (installable software) and packages are in development.
They may not be fully stable and should be used with caution. We make no claims about them.