Last updated on 2024-05-04 03:50:31 CEST.
Flavor | Version | Tinstall | Tcheck | Ttotal | Status | Flags |
---|---|---|---|---|---|---|
r-devel-linux-x86_64-debian-clang | 1.4.6 | 78.12 | 67.10 | 145.22 | NOTE | |
r-devel-linux-x86_64-fedora-clang | 1.4.6 | 208.37 | NOTE | |||
r-devel-linux-x86_64-fedora-gcc | 1.4.6 | 198.88 | NOTE | |||
r-devel-windows-x86_64 | 1.4.6 | 153.00 | 344.00 | 497.00 | NOTE | |
r-patched-linux-x86_64 | 1.4.6 | 76.22 | 62.69 | 138.91 | OK | |
r-release-linux-x86_64 | 1.4.6 | 74.41 | 63.17 | 137.58 | OK | |
r-release-macos-arm64 | 1.4.6 | 63.00 | NOTE | |||
r-release-windows-x86_64 | 1.4.6 | 143.00 | 329.00 | 472.00 | NOTE | |
r-oldrel-macos-arm64 | 1.4.6 | 66.00 | NOTE | |||
r-oldrel-macos-x86_64 | 1.4.6 | 117.00 | NOTE | |||
r-oldrel-windows-x86_64 | 1.4.6 | 170.00 | 357.00 | 527.00 | NOTE |
Version: 1.4.6
Check: compiled code
Result: NOTE
File ‘RPostgres/libs/RPostgres.so’:
Found non-API calls to R: ‘SETLENGTH’, ‘SET_TRUELENGTH’
Compiled code should not call non-API entry points in R.
See ‘Writing portable packages’ in the ‘Writing R Extensions’ manual.
Flavors: r-devel-linux-x86_64-debian-clang, r-devel-linux-x86_64-fedora-clang, r-devel-linux-x86_64-fedora-gcc
Version: 1.4.6
Check: installed package size
Result: NOTE
installed size is 6.5Mb
sub-directories of 1Mb or more:
libs 6.0Mb
Flavors: r-devel-windows-x86_64, r-release-macos-arm64, r-release-windows-x86_64, r-oldrel-macos-arm64, r-oldrel-macos-x86_64, r-oldrel-windows-x86_64
Version: 1.4.6
Check: compiled code
Result: NOTE
File 'RPostgres/libs/x64/RPostgres.dll':
Found non-API calls to R: 'SETLENGTH', 'SET_TRUELENGTH'
Compiled code should not call non-API entry points in R.
See 'Writing portable packages' in the 'Writing R Extensions' manual.
Flavor: r-devel-windows-x86_64
These binaries (installable software) and packages are in development.
They may not be fully stable and should be used with caution. We make no claims about them.