Last updated on 2024-05-04 03:50:31 CEST.
Flavor | Version | Tinstall | Tcheck | Ttotal | Status | Flags |
---|---|---|---|---|---|---|
r-devel-linux-x86_64-debian-clang | 0.7-10 | 4.98 | 22.80 | 27.78 | OK | |
r-devel-linux-x86_64-fedora-clang | 0.7-10 | 34.28 | OK | |||
r-devel-linux-x86_64-fedora-gcc | 0.7-10 | 33.16 | OK | |||
r-devel-windows-x86_64 | 0.7-10 | 11.00 | 90.00 | 101.00 | NOTE | |
r-patched-linux-x86_64 | 0.7-10 | 5.10 | 22.09 | 27.19 | OK | |
r-release-linux-x86_64 | 0.7-10 | 4.40 | 21.91 | 26.31 | OK | |
r-release-macos-arm64 | 0.7-10 | 16.00 | OK | |||
r-release-windows-x86_64 | 0.7-10 | 11.00 | 89.00 | 100.00 | NOTE | |
r-oldrel-macos-arm64 | 0.7-10 | 21.00 | OK | |||
r-oldrel-macos-x86_64 | 0.7-10 | 40.00 | OK | |||
r-oldrel-windows-x86_64 | 0.7-10 | 16.00 | 97.00 | 113.00 | OK |
Version: 0.7-10
Check: installed package size
Result: NOTE
installed size is 5.2Mb
sub-directories of 1Mb or more:
libs 5.1Mb
Flavors: r-devel-windows-x86_64, r-release-windows-x86_64
These binaries (installable software) and packages are in development.
They may not be fully stable and should be used with caution. We make no claims about them.