Last updated on 2024-05-04 03:50:31 CEST.
Flavor | Version | Tinstall | Tcheck | Ttotal | Status | Flags |
---|---|---|---|---|---|---|
r-devel-linux-x86_64-debian-clang | 1.5 | 2.02 | 28.82 | 30.84 | NOTE | |
r-devel-linux-x86_64-fedora-clang | 1.5 | 41.32 | NOTE | |||
r-devel-linux-x86_64-fedora-gcc | 1.5 | 51.32 | NOTE | |||
r-devel-windows-x86_64 | 1.5 | 4.00 | 51.00 | 55.00 | NOTE | |
r-patched-linux-x86_64 | 1.5 | 2.43 | 29.11 | 31.54 | NOTE | |
r-release-linux-x86_64 | 1.5 | 2.38 | 28.67 | 31.05 | NOTE | |
r-release-macos-arm64 | 1.5 | 23.00 | NOTE | |||
r-release-windows-x86_64 | 1.5 | 4.00 | 50.00 | 54.00 | NOTE | |
r-oldrel-macos-arm64 | 1.5 | 24.00 | NOTE | |||
r-oldrel-macos-x86_64 | 1.5 | 34.00 | NOTE | |||
r-oldrel-windows-x86_64 | 1.5 | 4.00 | 48.00 | 52.00 | NOTE |
Version: 1.5
Check: LazyData
Result: NOTE
'LazyData' is specified without a 'data' directory
Flavors: r-devel-linux-x86_64-debian-clang, r-devel-linux-x86_64-fedora-clang, r-devel-linux-x86_64-fedora-gcc, r-devel-windows-x86_64, r-patched-linux-x86_64, r-release-linux-x86_64, r-release-macos-arm64, r-release-windows-x86_64, r-oldrel-macos-arm64, r-oldrel-macos-x86_64, r-oldrel-windows-x86_64
These binaries (installable software) and packages are in development.
They may not be fully stable and should be used with caution. We make no claims about them.