Last updated on 2024-05-04 03:50:31 CEST.
Flavor | Version | Tinstall | Tcheck | Ttotal | Status | Flags |
---|---|---|---|---|---|---|
r-devel-linux-x86_64-debian-clang | 1.1.1 | 1.98 | 22.51 | 24.49 | NOTE | |
r-devel-linux-x86_64-fedora-clang | 1.1.1 | 30.84 | NOTE | |||
r-devel-linux-x86_64-fedora-gcc | 1.1.1 | 29.59 | NOTE | |||
r-devel-windows-x86_64 | 1.1.1 | 3.00 | 39.00 | 42.00 | NOTE | |
r-patched-linux-x86_64 | 1.1.1 | 1.75 | 21.26 | 23.01 | NOTE | |
r-release-linux-x86_64 | 1.1.1 | 2.09 | 21.33 | 23.42 | NOTE | |
r-release-macos-arm64 | 1.1.1 | 15.00 | NOTE | |||
r-release-windows-x86_64 | 1.1.1 | 3.00 | 38.00 | 41.00 | NOTE | |
r-oldrel-macos-arm64 | 1.1.1 | 15.00 | NOTE | |||
r-oldrel-macos-x86_64 | 1.1.1 | 19.00 | NOTE | |||
r-oldrel-windows-x86_64 | 1.1.1 | 4.00 | 37.00 | 41.00 | NOTE |
Version: 1.1.1
Check: LazyData
Result: NOTE
'LazyData' is specified without a 'data' directory
Flavors: r-devel-linux-x86_64-debian-clang, r-devel-linux-x86_64-fedora-clang, r-devel-linux-x86_64-fedora-gcc, r-devel-windows-x86_64, r-patched-linux-x86_64, r-release-linux-x86_64, r-release-macos-arm64, r-release-windows-x86_64, r-oldrel-macos-arm64, r-oldrel-macos-x86_64, r-oldrel-windows-x86_64
These binaries (installable software) and packages are in development.
They may not be fully stable and should be used with caution. We make no claims about them.