Last updated on 2024-05-04 03:50:31 CEST.
Flavor | Version | Tinstall | Tcheck | Ttotal | Status | Flags |
---|---|---|---|---|---|---|
r-devel-linux-x86_64-debian-clang | 1.0.0 | 187.77 | 642.12 | 829.89 | OK | |
r-devel-linux-x86_64-fedora-clang | 1.0.0 | 1064.11 | OK | |||
r-devel-linux-x86_64-fedora-gcc | 1.0.0 | 1001.68 | OK | |||
r-devel-windows-x86_64 | 1.0.0 | 140.00 | 420.00 | 560.00 | OK | |
r-patched-linux-x86_64 | 1.0.0 | 123.69 | 587.38 | 711.07 | OK | |
r-release-linux-x86_64 | 1.0.0 | 132.74 | 595.44 | 728.18 | OK | |
r-release-macos-arm64 | 1.0.0 | 228.00 | NOTE | |||
r-release-macos-x86_64 | 1.0.0 | 446.00 | NOTE | |||
r-release-windows-x86_64 | 1.0.0 | 142.00 | 450.00 | 592.00 | OK | |
r-oldrel-macos-arm64 | 1.0.0 | 256.00 | NOTE | |||
r-oldrel-macos-x86_64 | 1.0.0 | 454.00 | NOTE | |||
r-oldrel-windows-x86_64 | 1.0.0 | 179.00 | 546.00 | 725.00 | OK |
Version: 1.0.0
Check: installed package size
Result: NOTE
installed size is 5.9Mb
sub-directories of 1Mb or more:
external 1.6Mb
libs 3.8Mb
Flavors: r-release-macos-arm64, r-release-macos-x86_64, r-oldrel-macos-arm64, r-oldrel-macos-x86_64
These binaries (installable software) and packages are in development.
They may not be fully stable and should be used with caution. We make no claims about them.