Last updated on 2024-05-04 03:50:31 CEST.
Flavor | Version | Tinstall | Tcheck | Ttotal | Status | Flags |
---|---|---|---|---|---|---|
r-devel-linux-x86_64-debian-clang | 0.2-1 | 4.12 | 65.97 | 70.09 | NOTE | |
r-devel-linux-x86_64-fedora-clang | 0.2-1 | 83.06 | NOTE | |||
r-devel-linux-x86_64-fedora-gcc | 0.2-1 | 81.70 | NOTE | |||
r-devel-windows-x86_64 | 0.2-1 | 4.00 | 75.00 | 79.00 | NOTE | |
r-patched-linux-x86_64 | 0.2-1 | 4.61 | 61.15 | 65.76 | NOTE | |
r-release-linux-x86_64 | 0.2-1 | 3.87 | 63.57 | 67.44 | NOTE | |
r-release-macos-arm64 | 0.2-1 | 30.00 | NOTE | |||
r-release-windows-x86_64 | 0.2-1 | 4.00 | 74.00 | 78.00 | NOTE | |
r-oldrel-macos-arm64 | 0.2-1 | 29.00 | OK | |||
r-oldrel-macos-x86_64 | 0.2-1 | 48.00 | OK | |||
r-oldrel-windows-x86_64 | 0.2-1 | 4.00 | 84.00 | 88.00 | OK |
Version: 0.2-1
Check: Rd files
Result: NOTE
checkRd: (-1) RTDE.Rd:78: Lost braces in \itemize; meant \describe ?
checkRd: (-1) RTDE.Rd:79: Lost braces in \itemize; meant \describe ?
Flavors: r-devel-linux-x86_64-debian-clang, r-devel-linux-x86_64-fedora-clang, r-devel-linux-x86_64-fedora-gcc, r-devel-windows-x86_64, r-patched-linux-x86_64, r-release-linux-x86_64, r-release-macos-arm64, r-release-windows-x86_64
These binaries (installable software) and packages are in development.
They may not be fully stable and should be used with caution. We make no claims about them.