Last updated on 2024-05-04 03:50:32 CEST.
Flavor | Version | Tinstall | Tcheck | Ttotal | Status | Flags |
---|---|---|---|---|---|---|
r-devel-linux-x86_64-debian-clang | 1.3.5 | 82.07 | 127.48 | 209.55 | OK | |
r-devel-linux-x86_64-fedora-clang | 1.3.5 | 280.39 | NOTE | |||
r-devel-linux-x86_64-fedora-gcc | 1.3.5 | 272.21 | NOTE | |||
r-devel-windows-x86_64 | 1.3.5 | 62.00 | 156.00 | 218.00 | OK | |
r-patched-linux-x86_64 | 1.3.5 | 50.31 | 124.76 | 175.07 | OK | |
r-release-linux-x86_64 | 1.3.5 | 55.37 | 127.46 | 182.83 | OK | |
r-release-macos-arm64 | 1.3.5 | 81.00 | OK | |||
r-release-windows-x86_64 | 1.3.5 | 66.00 | 148.00 | 214.00 | OK | |
r-oldrel-macos-arm64 | 1.3.5 | 72.00 | OK | |||
r-oldrel-macos-x86_64 | 1.3.5 | 124.00 | OK | |||
r-oldrel-windows-x86_64 | 1.3.5 | 82.00 | 180.00 | 262.00 | OK |
Version: 1.3.5
Check: package dependencies
Result: NOTE
Imports includes 23 non-default packages.
Importing from so many packages makes the package vulnerable to any of
them becoming unavailable. Move as many as possible to Suggests and
use conditionally.
Flavor: r-devel-linux-x86_64-fedora-clang
Version: 1.3.5
Check: data for non-ASCII characters
Result: NOTE
Note: found 50 marked UTF-8 strings
Flavors: r-devel-linux-x86_64-fedora-clang, r-devel-linux-x86_64-fedora-gcc
These binaries (installable software) and packages are in development.
They may not be fully stable and should be used with caution. We make no claims about them.