Last updated on 2024-05-04 03:50:32 CEST.
Flavor | Version | Tinstall | Tcheck | Ttotal | Status | Flags |
---|---|---|---|---|---|---|
r-devel-linux-x86_64-debian-clang | 0.1.3 | 3.94 | 37.19 | 41.13 | NOTE | |
r-devel-linux-x86_64-fedora-clang | 0.1.3 | 54.73 | NOTE | |||
r-devel-linux-x86_64-fedora-gcc | 0.1.3 | 63.46 | NOTE | |||
r-devel-windows-x86_64 | 0.1.3 | 5.00 | 50.00 | 55.00 | NOTE | |
r-patched-linux-x86_64 | 0.1.3 | 4.48 | 35.63 | 40.11 | NOTE | |
r-release-linux-x86_64 | 0.1.3 | 2.89 | 36.89 | 39.78 | NOTE | |
r-release-macos-arm64 | 0.1.3 | 26.00 | NOTE | |||
r-release-windows-x86_64 | 0.1.3 | 5.00 | 51.00 | 56.00 | NOTE | |
r-oldrel-macos-arm64 | 0.1.3 | 39.00 | NOTE | |||
r-oldrel-macos-x86_64 | 0.1.3 | 35.00 | NOTE | |||
r-oldrel-windows-x86_64 | 0.1.3 | 6.00 | 52.00 | 58.00 | NOTE |
Version: 0.1.3
Check: package subdirectories
Result: NOTE
Problems with news in ‘NEWS.md’:
No news entries found.
Flavors: r-devel-linux-x86_64-debian-clang, r-devel-linux-x86_64-fedora-clang, r-devel-linux-x86_64-fedora-gcc, r-devel-windows-x86_64, r-patched-linux-x86_64, r-release-linux-x86_64, r-release-macos-arm64, r-release-windows-x86_64, r-oldrel-macos-arm64, r-oldrel-macos-x86_64, r-oldrel-windows-x86_64
These binaries (installable software) and packages are in development.
They may not be fully stable and should be used with caution. We make no claims about them.