Last updated on 2024-05-04 03:50:29 CEST.
Flavor | Version | Tinstall | Tcheck | Ttotal | Status | Flags |
---|---|---|---|---|---|---|
r-devel-linux-x86_64-debian-clang | 1.1.8 | 20.79 | 113.12 | 133.91 | NOTE | |
r-devel-linux-x86_64-fedora-clang | 1.1.8 | 162.43 | NOTE | |||
r-devel-linux-x86_64-fedora-gcc | 1.1.8 | 169.91 | NOTE | |||
r-devel-windows-x86_64 | 1.1.8 | 15.00 | 110.00 | 125.00 | NOTE | |
r-patched-linux-x86_64 | 1.1.8 | 19.71 | 106.38 | 126.09 | NOTE | |
r-release-linux-x86_64 | 1.1.8 | 18.85 | 104.22 | 123.07 | NOTE | |
r-release-macos-arm64 | 1.1.8 | 71.00 | NOTE | |||
r-release-windows-x86_64 | 1.1.8 | 13.00 | 107.00 | 120.00 | NOTE | |
r-oldrel-macos-arm64 | 1.1.8 | 56.00 | NOTE | |||
r-oldrel-macos-x86_64 | 1.1.8 | 96.00 | NOTE | |||
r-oldrel-windows-x86_64 | 1.1.8 | 16.00 | 114.00 | 130.00 | NOTE |
Version: 1.1.8
Check: Rd files
Result: NOTE
checkRd: (-1) plot-methods.Rd:98: Lost braces
98 | The line width, a emph{positive} number, defaulting to \code{1}. The interpretation is device-specific, and some devices do not implement line widths less than one (see the help on the device for details of the interpretation). Note that this paramater can also represent a list of different line widths, with length of the list corresponding to the number of \code{DVH} or \code{DVH.list} objects (if \code{plot.type="individual"}, number of line widths should correspond to number of individual \code{DVH} objects).
| ^
Flavors: r-devel-linux-x86_64-debian-clang, r-devel-linux-x86_64-fedora-clang, r-devel-linux-x86_64-fedora-gcc, r-devel-windows-x86_64, r-patched-linux-x86_64, r-release-linux-x86_64, r-release-macos-arm64, r-release-windows-x86_64
Version: 1.1.8
Check: installed package size
Result: NOTE
installed size is 5.2Mb
sub-directories of 1Mb or more:
data 2.2Mb
extdata 1.4Mb
Flavors: r-devel-linux-x86_64-fedora-clang, r-devel-windows-x86_64, r-release-macos-arm64, r-release-windows-x86_64, r-oldrel-macos-arm64, r-oldrel-macos-x86_64, r-oldrel-windows-x86_64
These binaries (installable software) and packages are in development.
They may not be fully stable and should be used with caution. We make no claims about them.