Last updated on 2025-10-23 21:51:38 CEST.
Flavor | Version | Tinstall | Tcheck | Ttotal | Status | Flags |
---|---|---|---|---|---|---|
r-devel-linux-x86_64-debian-clang | 1.0.1 | 56.15 | 61.25 | 117.40 | NOTE | |
r-devel-linux-x86_64-debian-gcc | 1.0.1 | 46.88 | 41.10 | 87.98 | NOTE | |
r-devel-linux-x86_64-fedora-clang | 1.0.1 | 161.00 | 31.21 | 192.21 | NOTE | |
r-devel-linux-x86_64-fedora-gcc | 1.0.1 | 170.00 | 45.93 | 215.93 | NOTE | |
r-devel-windows-x86_64 | 1.0.1 | 111.00 | 81.00 | 192.00 | NOTE | |
r-patched-linux-x86_64 | 1.0.1 | 66.18 | 55.22 | 121.40 | NOTE | |
r-release-linux-x86_64 | 1.0.1 | 64.55 | 55.26 | 119.81 | NOTE | |
r-release-macos-arm64 | 1.0.1 | 18.00 | 27.00 | 45.00 | NOTE | |
r-release-macos-x86_64 | 1.0.1 | 23.00 | 62.00 | 85.00 | NOTE | |
r-release-windows-x86_64 | 1.0.1 | 108.00 | 82.00 | 190.00 | NOTE | |
r-oldrel-macos-arm64 | 1.0.1 | 19.00 | 26.00 | 45.00 | OK | |
r-oldrel-macos-x86_64 | 1.0.1 | 26.00 | 71.00 | 97.00 | OK | |
r-oldrel-windows-x86_64 | 1.0.1 | 108.00 | 84.00 | 192.00 | OK |
Version: 1.0.1
Check: whether startup messages can be suppressed
Result: NOTE
Failed with error: ‘unused argument (quitely = TRUE)’
It looks like this package (or a package it requires) has a startup
message which cannot be suppressed: see ?packageStartupMessage.
Flavors: r-devel-linux-x86_64-debian-clang, r-devel-linux-x86_64-debian-gcc, r-devel-linux-x86_64-fedora-clang, r-devel-linux-x86_64-fedora-gcc, r-devel-windows-x86_64
Version: 1.0.1
Check: compiled code
Result: NOTE
File ‘Rbeast/libs/Rbeast.so’:
Found non-API call to R: ‘OBJECT’
Compiled code should not call non-API entry points in R.
See ‘Writing portable packages’ in the ‘Writing R Extensions’ manual,
and section ‘Moving into C API compliance’ for issues with the use of
non-API entry points.
Flavors: r-devel-linux-x86_64-debian-clang, r-devel-linux-x86_64-debian-gcc, r-devel-linux-x86_64-fedora-clang, r-devel-linux-x86_64-fedora-gcc, r-patched-linux-x86_64, r-release-linux-x86_64, r-release-macos-arm64, r-release-macos-x86_64
Version: 1.0.1
Check: Rd files
Result: NOTE
checkRd: (-1) beast.Rd:13: height/width attributes should be in pixels
checkRd: (-1) minesweeper.Rd:9: height/width attributes should be in pixels
checkRd: (-1) tetris.Rd:9: height/width attributes should be in pixels
Flavors: r-devel-linux-x86_64-debian-gcc, r-devel-linux-x86_64-fedora-clang, r-devel-linux-x86_64-fedora-gcc
Version: 1.0.1
Check: compiled code
Result: NOTE
File 'Rbeast/libs/x64/Rbeast.dll':
Found non-API call to R: 'OBJECT'
Compiled code should not call non-API entry points in R.
See 'Writing portable packages' in the 'Writing R Extensions' manual,
and section 'Moving into C API compliance' for issues with the use of
non-API entry points.
Flavors: r-devel-windows-x86_64, r-release-windows-x86_64
These binaries (installable software) and packages are in development.
They may not be fully stable and should be used with caution. We make no claims about them.