Last updated on 2024-05-04 03:50:30 CEST.
Flavor | Version | Tinstall | Tcheck | Ttotal | Status | Flags |
---|---|---|---|---|---|---|
r-devel-linux-x86_64-debian-clang | 0.3.14 | 158.38 | 35.96 | 194.34 | NOTE | |
r-devel-linux-x86_64-fedora-clang | 0.3.14 | 306.34 | NOTE | |||
r-devel-linux-x86_64-fedora-gcc | 0.3.14 | 307.01 | NOTE | |||
r-devel-windows-x86_64 | 0.3.14 | 119.00 | 169.00 | 288.00 | NOTE | |
r-patched-linux-x86_64 | 0.3.14 | 157.25 | 34.63 | 191.88 | NOTE | |
r-release-linux-x86_64 | 0.3.14 | 160.69 | 35.72 | 196.41 | NOTE | |
r-release-macos-arm64 | 0.3.14 | 7.00 | ERROR | |||
r-release-windows-x86_64 | 0.3.14 | 119.00 | 169.00 | 288.00 | NOTE | |
r-oldrel-macos-arm64 | 0.3.14 | 12.00 | ERROR | |||
r-oldrel-macos-x86_64 | 0.3.14 | 130.00 | NOTE | |||
r-oldrel-windows-x86_64 | 0.3.14 | 111.00 | 183.00 | 294.00 | NOTE |
Version: 0.3.14
Check: C++ specification
Result: NOTE
Specified C++11: please drop specification unless essential
Flavors: r-devel-linux-x86_64-debian-clang, r-devel-linux-x86_64-fedora-clang, r-devel-linux-x86_64-fedora-gcc, r-devel-windows-x86_64, r-patched-linux-x86_64, r-release-linux-x86_64, r-release-windows-x86_64, r-oldrel-macos-x86_64, r-oldrel-windows-x86_64
Version: 0.3.14
Check: installed package size
Result: NOTE
installed size is 8.5Mb
sub-directories of 1Mb or more:
blp 7.1Mb
Flavors: r-devel-linux-x86_64-fedora-clang, r-devel-windows-x86_64, r-release-windows-x86_64, r-oldrel-macos-x86_64, r-oldrel-windows-x86_64
Version: 0.3.14
Check: whether package can be installed
Result: ERROR
Installation failed.
Flavors: r-release-macos-arm64, r-oldrel-macos-arm64
These binaries (installable software) and packages are in development.
They may not be fully stable and should be used with caution. We make no claims about them.