Last updated on 2024-05-04 03:50:30 CEST.
Flavor | Version | Tinstall | Tcheck | Ttotal | Status | Flags |
---|---|---|---|---|---|---|
r-devel-linux-x86_64-debian-clang | 1.1.3.1 | 1.15 | 2.37 | 3.52 | ERROR | |
r-devel-linux-x86_64-fedora-clang | 1.1.3.1 | 807.13 | NOTE | |||
r-devel-linux-x86_64-fedora-gcc | 1.1.3.1 | 719.21 | NOTE | |||
r-devel-windows-x86_64 | 1.1.3.1 | 50.00 | 357.00 | 407.00 | NOTE | |
r-patched-linux-x86_64 | 1.1.3.1 | 67.04 | 502.69 | 569.73 | NOTE | |
r-release-linux-x86_64 | 1.1.3.1 | 59.02 | 493.68 | 552.70 | NOTE | |
r-release-macos-arm64 | 1.1.3.1 | 241.00 | NOTE | |||
r-release-macos-x86_64 | 1.1.3.1 | 391.00 | NOTE | |||
r-release-windows-x86_64 | 1.1.3.1 | 47.00 | 564.00 | 611.00 | NOTE | |
r-oldrel-macos-arm64 | 1.1.3.1 | 139.00 | NOTE | |||
r-oldrel-macos-x86_64 | 1.1.3.1 | 271.00 | NOTE | |||
r-oldrel-windows-x86_64 | 1.1.3.1 | 63.00 | 401.00 | 464.00 | NOTE |
Version: 1.1.3.1
Check: package dependencies
Result: ERROR
Package required but not available: ‘BicARE’
Depends: includes the non-default packages:
'biclust', 'fabia', 'iBBiG', 'superbiclust', 'BcDiag', 'BicARE',
's4vd', 'BiBitR'
Adding so many packages to the search path is excessive and importing
selectively is preferable.
See section ‘The DESCRIPTION file’ in the ‘Writing R Extensions’
manual.
Flavor: r-devel-linux-x86_64-debian-clang
Version: 1.1.3.1
Check: package dependencies
Result: NOTE
Depends: includes the non-default packages:
'biclust', 'fabia', 'iBBiG', 'superbiclust', 'BcDiag', 'BicARE',
's4vd', 'BiBitR'
Adding so many packages to the search path is excessive and importing
selectively is preferable.
Flavors: r-devel-linux-x86_64-fedora-clang, r-devel-linux-x86_64-fedora-gcc, r-devel-windows-x86_64, r-patched-linux-x86_64, r-release-linux-x86_64, r-release-macos-arm64, r-release-macos-x86_64, r-release-windows-x86_64, r-oldrel-windows-x86_64
Version: 1.1.3.1
Check: package dependencies
Result: NOTE
Package suggested but not available for checking: ‘rqubic’
Depends: includes the non-default packages:
'biclust', 'fabia', 'iBBiG', 'superbiclust', 'BcDiag', 'BicARE',
's4vd', 'BiBitR'
Adding so many packages to the search path is excessive and importing
selectively is preferable.
Flavors: r-oldrel-macos-arm64, r-oldrel-macos-x86_64
These binaries (installable software) and packages are in development.
They may not be fully stable and should be used with caution. We make no claims about them.