Last updated on 2024-05-04 03:50:30 CEST.
Flavor | Version | Tinstall | Tcheck | Ttotal | Status | Flags |
---|---|---|---|---|---|---|
r-devel-linux-x86_64-debian-clang | 1.1.0 | 57.79 | 106.14 | 163.93 | NOTE | |
r-devel-linux-x86_64-fedora-clang | 1.1.0 | 225.59 | NOTE | |||
r-devel-linux-x86_64-fedora-gcc | 1.1.0 | 219.61 | NOTE | |||
r-devel-windows-x86_64 | 1.1.0 | 50.00 | 133.00 | 183.00 | NOTE | |
r-patched-linux-x86_64 | 1.1.0 | 60.07 | 111.69 | 171.76 | OK | |
r-release-linux-x86_64 | 1.1.0 | 53.70 | 111.92 | 165.62 | OK | |
r-release-macos-arm64 | 1.1.0 | 53.00 | OK | |||
r-release-windows-x86_64 | 1.1.0 | 47.00 | 88.00 | 135.00 | OK | |
r-oldrel-macos-arm64 | 1.1.0 | 53.00 | OK | |||
r-oldrel-macos-x86_64 | 1.1.0 | 86.00 | OK | |||
r-oldrel-windows-x86_64 | 1.1.0 | 45.00 | 104.00 | 149.00 | OK |
Version: 1.1.0
Check: compiled code
Result: NOTE
File ‘RcppBigIntAlgos/libs/RcppBigIntAlgos.so’:
Found non-API calls to R: ‘SETLENGTH’, ‘SET_TRUELENGTH’
Compiled code should not call non-API entry points in R.
See ‘Writing portable packages’ in the ‘Writing R Extensions’ manual.
Flavors: r-devel-linux-x86_64-debian-clang, r-devel-linux-x86_64-fedora-clang, r-devel-linux-x86_64-fedora-gcc
Version: 1.1.0
Check: compiled code
Result: NOTE
File 'RcppBigIntAlgos/libs/x64/RcppBigIntAlgos.dll':
Found non-API calls to R: 'SETLENGTH', 'SET_TRUELENGTH'
Compiled code should not call non-API entry points in R.
See 'Writing portable packages' in the 'Writing R Extensions' manual.
Flavor: r-devel-windows-x86_64
These binaries (installable software) and packages are in development.
They may not be fully stable and should be used with caution. We make no claims about them.