Last updated on 2025-10-23 21:51:38 CEST.
Flavor | Version | Tinstall | Tcheck | Ttotal | Status | Flags |
---|---|---|---|---|---|---|
r-devel-linux-x86_64-debian-clang | 0.0.4 | 35.91 | 25.94 | 61.85 | OK | |
r-devel-linux-x86_64-debian-gcc | 0.0.4 | 25.85 | 22.58 | 48.43 | OK | |
r-devel-linux-x86_64-fedora-clang | 0.0.4 | 60.00 | 48.44 | 108.44 | OK | |
r-devel-linux-x86_64-fedora-gcc | 0.0.4 | 60.00 | 45.21 | 105.21 | OK | |
r-devel-windows-x86_64 | 0.0.4 | 45.00 | 70.00 | 115.00 | OK | |
r-patched-linux-x86_64 | 0.0.4 | 38.11 | 25.57 | 63.68 | OK | |
r-release-linux-x86_64 | 0.0.4 | 41.05 | 25.43 | 66.48 | OK | |
r-release-macos-arm64 | 0.0.4 | 16.00 | 16.00 | 32.00 | OK | |
r-release-macos-x86_64 | 0.0.4 | 22.00 | 38.00 | 60.00 | OK | |
r-release-windows-x86_64 | 0.0.4 | 43.00 | 71.00 | 114.00 | OK | |
r-oldrel-macos-arm64 | 0.0.4 | 16.00 | 15.00 | 31.00 | NOTE | |
r-oldrel-macos-x86_64 | 0.0.4 | 20.00 | 28.00 | 48.00 | NOTE | |
r-oldrel-windows-x86_64 | 0.0.4 | 52.00 | 92.00 | 144.00 | OK |
Version: 0.0.4
Check: installed package size
Result: NOTE
installed size is 8.5Mb
sub-directories of 1Mb or more:
libs 8.1Mb
Flavors: r-oldrel-macos-arm64, r-oldrel-macos-x86_64
These binaries (installable software) and packages are in development.
They may not be fully stable and should be used with caution. We make no claims about them.