CRAN Package Check Results for Package RcppMsgPack

Last updated on 2025-07-19 09:48:38 CEST.

Flavor Version Tinstall Tcheck Ttotal Status Flags
r-devel-linux-x86_64-debian-clang 0.2.4 28.22 67.95 96.17 OK
r-devel-linux-x86_64-debian-gcc 0.2.4 21.78 48.60 70.38 OK
r-devel-linux-x86_64-fedora-clang 0.2.4 152.74 OK
r-devel-linux-x86_64-fedora-gcc 0.2.4 168.55 OK
r-devel-windows-x86_64 0.2.4 55.00 114.00 169.00 OK
r-patched-linux-x86_64 0.2.4 31.10 64.38 95.48 OK
r-release-linux-x86_64 0.2.4 31.36 61.76 93.12 OK
r-release-macos-arm64 0.2.4 61.00 OK
r-release-macos-x86_64 0.2.4 138.00 OK
r-release-windows-x86_64 0.2.4 51.00 112.00 163.00 OK
r-oldrel-macos-arm64 0.2.4 61.00 NOTE
r-oldrel-macos-x86_64 0.2.4 122.00 NOTE
r-oldrel-windows-x86_64 0.2.4 54.00 135.00 189.00 NOTE

Check Details

Version: 0.2.4
Check: installed package size
Result: NOTE installed size is 9.8Mb sub-directories of 1Mb or more: include 6.7Mb libs 2.7Mb Flavors: r-oldrel-macos-arm64, r-oldrel-macos-x86_64, r-oldrel-windows-x86_64

These binaries (installable software) and packages are in development.
They may not be fully stable and should be used with caution. We make no claims about them.