Last updated on 2024-05-04 03:50:30 CEST.
Flavor | Version | Tinstall | Tcheck | Ttotal | Status | Flags |
---|---|---|---|---|---|---|
r-devel-linux-x86_64-debian-clang | 0.6-0 | 46.38 | 178.05 | 224.43 | OK | |
r-devel-linux-x86_64-fedora-clang | 0.6-0 | 264.65 | OK | |||
r-devel-linux-x86_64-fedora-gcc | 0.6-0 | 332.22 | OK | |||
r-devel-windows-x86_64 | 0.6-0 | 41.00 | 182.00 | 223.00 | OK | |
r-patched-linux-x86_64 | 0.6-0 | 49.34 | 190.09 | 239.43 | OK | |
r-release-linux-x86_64 | 0.6-0 | 51.19 | 187.37 | 238.56 | OK | |
r-release-macos-arm64 | 0.6-0 | 64.00 | NOTE | |||
r-release-windows-x86_64 | 0.6-0 | 39.00 | 185.00 | 224.00 | OK | |
r-oldrel-macos-arm64 | 0.6-0 | 101.00 | NOTE | |||
r-oldrel-macos-x86_64 | 0.6-0 | 144.00 | NOTE | |||
r-oldrel-windows-x86_64 | 0.6-0 | 50.00 | 218.00 | 268.00 | OK |
Version: 0.6-0
Check: installed package size
Result: NOTE
installed size is 6.6Mb
sub-directories of 1Mb or more:
libs 6.0Mb
Flavors: r-release-macos-arm64, r-oldrel-macos-arm64, r-oldrel-macos-x86_64
These binaries (installable software) and packages are in development.
They may not be fully stable and should be used with caution. We make no claims about them.